{"id":168,"date":"2019-03-09T19:07:25","date_gmt":"2019-03-09T17:07:25","guid":{"rendered":"https:\/\/geliurasa.lt\/?post_type=product&#038;p=168"},"modified":"2025-05-09T17:04:45","modified_gmt":"2025-05-09T14:04:45","slug":"arriba","status":"publish","type":"product","link":"https:\/\/geliurasa.lt\/index.php\/produktas\/arriba\/","title":{"rendered":"Vienadien\u0117 Arriba"},"content":{"rendered":"","protected":false},"excerpt":{"rendered":"<p>((Tet. Signal Light \u00d7 sdlg) \u00d7 Tet. Summer Interlude)<\/p>\n<p>(Griesbach-Hardy 1968) \u2022 80-90 cm\u00a0 \u2022 13- 15 cm\u00a0 \u2022\u00a0 Tet\u00a0 \u2022\u00a0 Dor \u2022<\/p>\n<p>Spalva \u2013 tamsiai raudona, aksominiai. Per \u017eiedlapi\u0173 vidur\u012f eina baltas ruo\u017eelis. \u017diedai stamb\u016bs, \u017evaig\u017edi\u0161ki. Kr\u016bmas auga kompakti\u0161kai , \u017eiedyno stiebiai auk\u0161tai pakyla vir\u0161 lap\u0173. Paprasta ,bet ne prasta- i\u0161 toli matoma viendien\u0117.<\/p>\n","protected":false},"featured_media":169,"comment_status":"open","ping_status":"closed","template":"","meta":{"jetpack_publicize_message":"","jetpack_publicize_feature_enabled":true,"jetpack_social_post_already_shared":true,"jetpack_social_options":{"image_generator_settings":{"template":"highway","default_image_id":0,"font":"","enabled":false},"version":2}},"product_brand":[],"product_cat":[35,23],"product_tag":[],"class_list":{"0":"post-168","1":"product","2":"type-product","3":"status-publish","4":"has-post-thumbnail","6":"product_cat-vienadienes-aukstos","7":"product_cat-vienadienes-hemerocallis","8":"product_shipping_class-kita","10":"first","11":"instock","12":"shipping-taxable","13":"purchasable","14":"product-type-simple"},"jetpack_publicize_connections":[],"jetpack_sharing_enabled":true,"_links":{"self":[{"href":"https:\/\/geliurasa.lt\/index.php\/wp-json\/wp\/v2\/product\/168","targetHints":{"allow":["GET"]}}],"collection":[{"href":"https:\/\/geliurasa.lt\/index.php\/wp-json\/wp\/v2\/product"}],"about":[{"href":"https:\/\/geliurasa.lt\/index.php\/wp-json\/wp\/v2\/types\/product"}],"replies":[{"embeddable":true,"href":"https:\/\/geliurasa.lt\/index.php\/wp-json\/wp\/v2\/comments?post=168"}],"wp:featuredmedia":[{"embeddable":true,"href":"https:\/\/geliurasa.lt\/index.php\/wp-json\/wp\/v2\/media\/169"}],"wp:attachment":[{"href":"https:\/\/geliurasa.lt\/index.php\/wp-json\/wp\/v2\/media?parent=168"}],"wp:term":[{"taxonomy":"product_brand","embeddable":true,"href":"https:\/\/geliurasa.lt\/index.php\/wp-json\/wp\/v2\/product_brand?post=168"},{"taxonomy":"product_cat","embeddable":true,"href":"https:\/\/geliurasa.lt\/index.php\/wp-json\/wp\/v2\/product_cat?post=168"},{"taxonomy":"product_tag","embeddable":true,"href":"https:\/\/geliurasa.lt\/index.php\/wp-json\/wp\/v2\/product_tag?post=168"}],"curies":[{"name":"wp","href":"https:\/\/api.w.org\/{rel}","templated":true}]}}