{"id":173,"date":"2019-03-09T19:58:40","date_gmt":"2019-03-09T17:58:40","guid":{"rendered":"https:\/\/geliurasa.lt\/?post_type=product&#038;p=173"},"modified":"2025-08-18T19:28:36","modified_gmt":"2025-08-18T16:28:36","slug":"avenu-laiks","status":"publish","type":"product","link":"https:\/\/geliurasa.lt\/index.php\/produktas\/avenu-laiks\/","title":{"rendered":"Vienadien\u0117 Avenu Laiks"},"content":{"rendered":"","protected":false},"excerpt":{"rendered":"<p>(Avie\u010di\u0173 metas)<\/p>\n<p>(Bangieris 2005) )\u00a0 \u2022 75 cm\u00a0 \u2022\u00a0 15 cm\u00a0 \u2022<\/p>\n<p>Spalva- avietin\u0117 su rudu atspalviu. Stambiais gra\u017eiai banguotais \u017eiedais, gausiai \u017eydinti puiki latvi\u0161ka viendien\u0117. Maloniai kvepianti, ankstyva veisl\u0117.<\/p>\n","protected":false},"featured_media":177,"comment_status":"open","ping_status":"closed","template":"","meta":{"jetpack_publicize_message":"","jetpack_publicize_feature_enabled":true,"jetpack_social_post_already_shared":true,"jetpack_social_options":{"image_generator_settings":{"template":"highway","default_image_id":0,"font":"","enabled":false},"version":2}},"product_brand":[],"product_cat":[35,23],"product_tag":[59,61],"class_list":{"0":"post-173","1":"product","2":"type-product","3":"status-publish","4":"has-post-thumbnail","6":"product_cat-vienadienes-aukstos","7":"product_cat-vienadienes-hemerocallis","8":"product_tag-hemerocallis","9":"product_tag-vienadiene","10":"product_shipping_class-kita","12":"first","13":"instock","14":"sale","15":"shipping-taxable","16":"purchasable","17":"product-type-simple"},"jetpack_publicize_connections":[],"jetpack_sharing_enabled":true,"_links":{"self":[{"href":"https:\/\/geliurasa.lt\/index.php\/wp-json\/wp\/v2\/product\/173","targetHints":{"allow":["GET"]}}],"collection":[{"href":"https:\/\/geliurasa.lt\/index.php\/wp-json\/wp\/v2\/product"}],"about":[{"href":"https:\/\/geliurasa.lt\/index.php\/wp-json\/wp\/v2\/types\/product"}],"replies":[{"embeddable":true,"href":"https:\/\/geliurasa.lt\/index.php\/wp-json\/wp\/v2\/comments?post=173"}],"wp:featuredmedia":[{"embeddable":true,"href":"https:\/\/geliurasa.lt\/index.php\/wp-json\/wp\/v2\/media\/177"}],"wp:attachment":[{"href":"https:\/\/geliurasa.lt\/index.php\/wp-json\/wp\/v2\/media?parent=173"}],"wp:term":[{"taxonomy":"product_brand","embeddable":true,"href":"https:\/\/geliurasa.lt\/index.php\/wp-json\/wp\/v2\/product_brand?post=173"},{"taxonomy":"product_cat","embeddable":true,"href":"https:\/\/geliurasa.lt\/index.php\/wp-json\/wp\/v2\/product_cat?post=173"},{"taxonomy":"product_tag","embeddable":true,"href":"https:\/\/geliurasa.lt\/index.php\/wp-json\/wp\/v2\/product_tag?post=173"}],"curies":[{"name":"wp","href":"https:\/\/api.w.org\/{rel}","templated":true}]}}