{"id":206,"date":"2019-03-14T15:26:38","date_gmt":"2019-03-14T13:26:38","guid":{"rendered":"https:\/\/geliurasa.lt\/?post_type=product&#038;p=206"},"modified":"2026-04-12T21:43:50","modified_gmt":"2026-04-12T18:43:50","slug":"camden-gold-dollar","status":"publish","type":"product","link":"https:\/\/geliurasa.lt\/index.php\/produktas\/camden-gold-dollar\/","title":{"rendered":"Vienadien\u0117 Camden Gold Dollar"},"content":{"rendered":"","protected":false},"excerpt":{"rendered":"<p>(sdlg \u00d7 Squeaky)<\/p>\n<p>(Yancey-C., 1982)\u00a0 \u2022\u00a0 48 cm\u00a0 \u2022\u00a0 8 cm\u00a0 \u2022\u00a0 Dip\u00a0 \u2022\u00a0 Sev\u00a0 \u2022<\/p>\n<p>Spalva \u2013 ry\u0161kiai geltona. \u017diedlapiai plat\u016bs, banguoti. Tvirti stiebai i\u0161kyla vir\u0161 lap\u0173. Puiki, gausiai \u017eydinti, smulkia\u017eied\u0117 vienadien\u0117, tinkanti \u012fvairaus tipo g\u0117lynams.<\/p>\n<p>Ilgaam\u017eis ir nereiklus augimo s\u0105lygoms bei prie\u017ei\u016brai augalas.<\/p>\n","protected":false},"featured_media":207,"comment_status":"open","ping_status":"closed","template":"","meta":{"jetpack_publicize_message":"","jetpack_publicize_feature_enabled":true,"jetpack_social_post_already_shared":true,"jetpack_social_options":{"image_generator_settings":{"template":"highway","default_image_id":0,"font":"","enabled":false},"version":2}},"product_brand":[],"product_cat":[23,33],"product_tag":[],"class_list":{"0":"post-206","1":"product","2":"type-product","3":"status-publish","4":"has-post-thumbnail","6":"product_cat-vienadienes-hemerocallis","7":"product_cat-zemauges-vienadienes","8":"product_shipping_class-kita","10":"first","11":"instock","12":"shipping-taxable","13":"purchasable","14":"product-type-simple"},"jetpack_publicize_connections":[],"jetpack_sharing_enabled":true,"_links":{"self":[{"href":"https:\/\/geliurasa.lt\/index.php\/wp-json\/wp\/v2\/product\/206","targetHints":{"allow":["GET"]}}],"collection":[{"href":"https:\/\/geliurasa.lt\/index.php\/wp-json\/wp\/v2\/product"}],"about":[{"href":"https:\/\/geliurasa.lt\/index.php\/wp-json\/wp\/v2\/types\/product"}],"replies":[{"embeddable":true,"href":"https:\/\/geliurasa.lt\/index.php\/wp-json\/wp\/v2\/comments?post=206"}],"wp:featuredmedia":[{"embeddable":true,"href":"https:\/\/geliurasa.lt\/index.php\/wp-json\/wp\/v2\/media\/207"}],"wp:attachment":[{"href":"https:\/\/geliurasa.lt\/index.php\/wp-json\/wp\/v2\/media?parent=206"}],"wp:term":[{"taxonomy":"product_brand","embeddable":true,"href":"https:\/\/geliurasa.lt\/index.php\/wp-json\/wp\/v2\/product_brand?post=206"},{"taxonomy":"product_cat","embeddable":true,"href":"https:\/\/geliurasa.lt\/index.php\/wp-json\/wp\/v2\/product_cat?post=206"},{"taxonomy":"product_tag","embeddable":true,"href":"https:\/\/geliurasa.lt\/index.php\/wp-json\/wp\/v2\/product_tag?post=206"}],"curies":[{"name":"wp","href":"https:\/\/api.w.org\/{rel}","templated":true}]}}