{"id":337,"date":"2019-03-17T19:13:19","date_gmt":"2019-03-17T17:13:19","guid":{"rendered":"https:\/\/geliurasa.lt\/?post_type=product&#038;p=337"},"modified":"2025-05-09T17:05:45","modified_gmt":"2025-05-09T14:05:45","slug":"infospace","status":"publish","type":"product","link":"https:\/\/geliurasa.lt\/index.php\/produktas\/infospace\/","title":{"rendered":"Vienadien\u0117 Infospace"},"content":{"rendered":"","protected":false},"excerpt":{"rendered":"<ul>\n<li>90 cm\u00a0 \u2022\u00a0 17 cm\u00a0 \u2022 Sev\u00a0 \u2022<\/li>\n<\/ul>\n<p>Spalva \u2013 sodriai ro\u017ein\u0117 su did\u017eiul\u0117mis gelsvomis \u017eiotimis. \u017diedlapi\u0173 viduriu eina ry\u0161ki gelsva juostel\u0117, kuri paver\u010dia \u017eied\u0105 i\u0161skirtiniu. Ve\u0161liai auganti ir gausiai \u017eydinti veisl\u0117.<\/p>\n<p>Ilgaam\u017eis ir nereiklus augimo s\u0105lygoms bei prie\u017ei\u016brai augalas.<\/p>\n<p>&nbsp;<\/p>\n","protected":false},"featured_media":338,"comment_status":"open","ping_status":"closed","template":"","meta":{"jetpack_publicize_message":"","jetpack_publicize_feature_enabled":true,"jetpack_social_post_already_shared":true,"jetpack_social_options":{"image_generator_settings":{"template":"highway","default_image_id":0,"font":"","enabled":false},"version":2}},"product_brand":[],"product_cat":[35,23],"product_tag":[59,61],"class_list":{"0":"post-337","1":"product","2":"type-product","3":"status-publish","4":"has-post-thumbnail","6":"product_cat-vienadienes-aukstos","7":"product_cat-vienadienes-hemerocallis","8":"product_tag-hemerocallis","9":"product_tag-vienadiene","10":"product_shipping_class-kita","12":"first","13":"instock","14":"shipping-taxable","15":"purchasable","16":"product-type-simple"},"jetpack_publicize_connections":[],"jetpack_sharing_enabled":true,"_links":{"self":[{"href":"https:\/\/geliurasa.lt\/index.php\/wp-json\/wp\/v2\/product\/337","targetHints":{"allow":["GET"]}}],"collection":[{"href":"https:\/\/geliurasa.lt\/index.php\/wp-json\/wp\/v2\/product"}],"about":[{"href":"https:\/\/geliurasa.lt\/index.php\/wp-json\/wp\/v2\/types\/product"}],"replies":[{"embeddable":true,"href":"https:\/\/geliurasa.lt\/index.php\/wp-json\/wp\/v2\/comments?post=337"}],"wp:featuredmedia":[{"embeddable":true,"href":"https:\/\/geliurasa.lt\/index.php\/wp-json\/wp\/v2\/media\/338"}],"wp:attachment":[{"href":"https:\/\/geliurasa.lt\/index.php\/wp-json\/wp\/v2\/media?parent=337"}],"wp:term":[{"taxonomy":"product_brand","embeddable":true,"href":"https:\/\/geliurasa.lt\/index.php\/wp-json\/wp\/v2\/product_brand?post=337"},{"taxonomy":"product_cat","embeddable":true,"href":"https:\/\/geliurasa.lt\/index.php\/wp-json\/wp\/v2\/product_cat?post=337"},{"taxonomy":"product_tag","embeddable":true,"href":"https:\/\/geliurasa.lt\/index.php\/wp-json\/wp\/v2\/product_tag?post=337"}],"curies":[{"name":"wp","href":"https:\/\/api.w.org\/{rel}","templated":true}]}}