{"id":35619,"date":"2022-03-08T19:49:18","date_gmt":"2022-03-08T17:49:18","guid":{"rendered":"https:\/\/geliurasa.lt\/?post_type=product&#038;p=35619"},"modified":"2026-04-01T17:52:12","modified_gmt":"2026-04-01T14:52:12","slug":"liatris-spicata-kobold-original","status":"publish","type":"product","link":"https:\/\/geliurasa.lt\/index.php\/produktas\/liatris-spicata-kobold-original\/","title":{"rendered":"Liatris &#8216;Kobold Original&#8217;"},"content":{"rendered":"<p>Ry\u0161kiai violetinis, stambiomis \u0161luotel\u0117mis liatris. Augalas tinkamas skynimui. Labai m\u0117gstamas drugeli\u0173.<\/p>\n<p>S\u0117klas rekomenduojama stratifikuoti \u2013 dr\u0117gnas laikyti orui nelaid\u017eiame mai\u0161elyje \u0161aldytuve 2-4 savaites. Po to s\u0117ti \u012f dr\u0117gn\u0105 dirv\u0105 \u0161viesioje, \u0161iltoje patalpoje, arba jau lauke pra\u0117jus \u0161alnoms. Sudygsta per 14- 21 dien\u0105.<\/p>\n","protected":false},"excerpt":{"rendered":"<p>Liatris spicata<\/p>\n<p><strong>Gamintojas:<\/strong>\u00a0Olandija<\/p>\n<p><strong>Grup\u0117:<\/strong> daugiamet\u0117<\/p>\n<p><strong>Kiekis pakelyje:<\/strong>\u00a0 20 s\u0117kl\u0173<\/p>\n<p><strong>Auk\u0161tis:<\/strong> 50 cm<\/p>\n<p><strong>S\u0117ti m\u0117n.:<\/strong> III \u2013 IV, lauke V<\/p>\n<p><strong>Dirva:<\/strong> nusausinta, derlinga<\/p>\n<p><strong>Sodinimo vieta:<\/strong>\u00a0saul\u0117ta, pusiau pav\u0117sis<\/p>\n<p><strong>\u017diemos atsparumo zonos:<\/strong> Z4 \u2013 Z9<\/p>\n<p>&nbsp;<\/p>\n","protected":false},"featured_media":35620,"comment_status":"open","ping_status":"closed","template":"","meta":{"jetpack_publicize_message":"","jetpack_publicize_feature_enabled":true,"jetpack_social_post_already_shared":true,"jetpack_social_options":{"image_generator_settings":{"template":"highway","default_image_id":0,"font":"","enabled":false},"version":2}},"product_brand":[],"product_cat":[126,353,99,42],"product_tag":[187,52,51],"class_list":{"0":"post-35619","1":"product","2":"type-product","3":"status-publish","4":"has-post-thumbnail","6":"product_cat-daugiameciu-geliu-seklos","7":"product_cat-ivairios","8":"product_cat-naujos-prekes","9":"product_cat-seklos","10":"product_tag-liatris","11":"product_tag-seeds","12":"product_tag-seklos","13":"product_shipping_class-seklos","15":"first","16":"instock","17":"shipping-taxable","18":"purchasable","19":"product-type-simple"},"jetpack_publicize_connections":[],"jetpack_sharing_enabled":true,"_links":{"self":[{"href":"https:\/\/geliurasa.lt\/index.php\/wp-json\/wp\/v2\/product\/35619","targetHints":{"allow":["GET"]}}],"collection":[{"href":"https:\/\/geliurasa.lt\/index.php\/wp-json\/wp\/v2\/product"}],"about":[{"href":"https:\/\/geliurasa.lt\/index.php\/wp-json\/wp\/v2\/types\/product"}],"replies":[{"embeddable":true,"href":"https:\/\/geliurasa.lt\/index.php\/wp-json\/wp\/v2\/comments?post=35619"}],"wp:featuredmedia":[{"embeddable":true,"href":"https:\/\/geliurasa.lt\/index.php\/wp-json\/wp\/v2\/media\/35620"}],"wp:attachment":[{"href":"https:\/\/geliurasa.lt\/index.php\/wp-json\/wp\/v2\/media?parent=35619"}],"wp:term":[{"taxonomy":"product_brand","embeddable":true,"href":"https:\/\/geliurasa.lt\/index.php\/wp-json\/wp\/v2\/product_brand?post=35619"},{"taxonomy":"product_cat","embeddable":true,"href":"https:\/\/geliurasa.lt\/index.php\/wp-json\/wp\/v2\/product_cat?post=35619"},{"taxonomy":"product_tag","embeddable":true,"href":"https:\/\/geliurasa.lt\/index.php\/wp-json\/wp\/v2\/product_tag?post=35619"}],"curies":[{"name":"wp","href":"https:\/\/api.w.org\/{rel}","templated":true}]}}