{"id":35624,"date":"2022-03-08T22:39:45","date_gmt":"2022-03-08T20:39:45","guid":{"rendered":"https:\/\/geliurasa.lt\/?post_type=product&#038;p=35624"},"modified":"2026-04-10T19:03:33","modified_gmt":"2026-04-10T16:03:33","slug":"raudonoji-zvaigzdune-fata-morgana","status":"publish","type":"product","link":"https:\/\/geliurasa.lt\/index.php\/produktas\/raudonoji-zvaigzdune-fata-morgana\/","title":{"rendered":"Raudonoji \u017evaig\u017ed\u016bn\u0117 Fata Morgana"},"content":{"rendered":"<p><span class=\"VIiyi\" lang=\"lt\"><span class=\"JLqJ4b ChMk0b\" data-language-for-alternatives=\"lt\" data-language-to-translate-into=\"en\" data-phrase-index=\"0\" data-number-of-phrases=\"11\">Ne\u012fprasta gelsvai ro\u017ein\u0117 spalva. Paprastai auginama, ilgai \u017eydinti,<span dir=\"auto\"> ir kuo daugiau nuskini, tuo daugiau formuoja \u017eied\u0173. S\u0117kl\u0173 d\u0117\u017eut\u0117s tinka d\u017eiovinti. Ruden\u012f galima pasirinkti s\u0117kl\u0173.<\/span><\/span><\/span><\/p>\n<p><span class=\"VIiyi\" lang=\"lt\"><span class=\"JLqJ4b ChMk0b\" data-language-for-alternatives=\"lt\" data-language-to-translate-into=\"en\" data-phrase-index=\"0\" data-number-of-phrases=\"11\">Dygimo laikas: 7-14 d. Dygsta prie 20\u00b0C. <\/span><\/span><\/p>\n","protected":false},"excerpt":{"rendered":"<p>Scabiosa atropurpurea<\/p>\n<p><strong>Gamintojas:<\/strong>\u00a0Olandija<\/p>\n<p><strong>Grup\u0117:<\/strong>\u00a0vienmet\u0117<\/p>\n<p><strong>Kiekis pakelyje:<\/strong>\u00a0 \u00a050 s\u0117kl\u0173<\/p>\n<p><strong>Auk\u0161tis cm:<\/strong> 50<strong>&#8211;<\/strong> 100<\/p>\n<p><strong>S\u0117jimo laikas:<\/strong>\u00a0III-IV, lauke V<\/p>\n<p><strong>Sodinimo vieta:<\/strong> saul\u0117ta, pusiau pav\u0117sis<\/p>\n<p><strong>Dirva<\/strong><strong>:<\/strong> derlinga, neu\u017emirkusi, \u012fvairi<\/p>\n","protected":false},"featured_media":35625,"comment_status":"open","ping_status":"closed","template":"","meta":{"jetpack_publicize_message":"","jetpack_publicize_feature_enabled":true,"jetpack_social_post_already_shared":true,"jetpack_social_options":{"image_generator_settings":{"template":"highway","default_image_id":0,"font":"","enabled":false},"version":2}},"product_brand":[],"product_cat":[99,42,128,287],"product_tag":[207,52,51,178],"class_list":{"0":"post-35624","1":"product","2":"type-product","3":"status-publish","4":"has-post-thumbnail","6":"product_cat-naujos-prekes","7":"product_cat-seklos","8":"product_cat-vienmeciu-geliu-seklos","9":"product_cat-zvaigzdunes","10":"product_tag-scabiosa","11":"product_tag-seeds","12":"product_tag-seklos","13":"product_tag-zvaigzdune","14":"product_shipping_class-seklos","16":"first","17":"instock","18":"shipping-taxable","19":"purchasable","20":"product-type-simple"},"jetpack_publicize_connections":[],"jetpack_sharing_enabled":true,"_links":{"self":[{"href":"https:\/\/geliurasa.lt\/index.php\/wp-json\/wp\/v2\/product\/35624","targetHints":{"allow":["GET"]}}],"collection":[{"href":"https:\/\/geliurasa.lt\/index.php\/wp-json\/wp\/v2\/product"}],"about":[{"href":"https:\/\/geliurasa.lt\/index.php\/wp-json\/wp\/v2\/types\/product"}],"replies":[{"embeddable":true,"href":"https:\/\/geliurasa.lt\/index.php\/wp-json\/wp\/v2\/comments?post=35624"}],"wp:featuredmedia":[{"embeddable":true,"href":"https:\/\/geliurasa.lt\/index.php\/wp-json\/wp\/v2\/media\/35625"}],"wp:attachment":[{"href":"https:\/\/geliurasa.lt\/index.php\/wp-json\/wp\/v2\/media?parent=35624"}],"wp:term":[{"taxonomy":"product_brand","embeddable":true,"href":"https:\/\/geliurasa.lt\/index.php\/wp-json\/wp\/v2\/product_brand?post=35624"},{"taxonomy":"product_cat","embeddable":true,"href":"https:\/\/geliurasa.lt\/index.php\/wp-json\/wp\/v2\/product_cat?post=35624"},{"taxonomy":"product_tag","embeddable":true,"href":"https:\/\/geliurasa.lt\/index.php\/wp-json\/wp\/v2\/product_tag?post=35624"}],"curies":[{"name":"wp","href":"https:\/\/api.w.org\/{rel}","templated":true}]}}