{"id":35635,"date":"2022-03-08T23:41:35","date_gmt":"2022-03-08T21:41:35","guid":{"rendered":"https:\/\/geliurasa.lt\/?post_type=product&#038;p=35635"},"modified":"2026-04-25T02:05:21","modified_gmt":"2026-04-24T23:05:21","slug":"nykstukinis-burnotis-green-thumb","status":"publish","type":"product","link":"https:\/\/geliurasa.lt\/index.php\/produktas\/nykstukinis-burnotis-green-thumb\/","title":{"rendered":"Nyk\u0161tukinis burnotis Green Thumb"},"content":{"rendered":"<p>\u017dema\u016bgis, tvirtu stiebu, salotin\u0117mis &#8222;\u017evak\u0117mis&#8221; burnotis &#8211; papuo\u0161 bet kur\u012f g\u0117lyn\u0105. Gra\u017eiai atrodo puok\u0161t\u0117se. S\u0117klos s\u0117jamos pra\u0117jus \u0161aln\u0173 pavojui. Galima s\u0117ti tiesiai \u012f auginimo viet\u0105, paskui i\u0161retinti. Dirvo\u017eemiui nereiklus augalas. S\u0117klos naudojamos maistui, ypa\u010d tinkamos mikro daigeli\u0173 daiginimui. Burno\u010diai lengvai s\u0117jasi, tod\u0117l\u00a0 ruden\u012f reikia ank\u0161\u010diau juos i\u0161rauti.<\/p>\n<p>Asmenin\u0117 patirtis: man \u0161ie nyk\u0161tukiniai burno\u010diai\u00a0 labai patinka, tinkamo \u016bgio, gra\u017eiai \u017ei\u016brisi puok\u0161t\u0117se. Skinu, kai \u017eiedynai b\u016bna sutvirt\u0117j\u0119 ir subrend\u0119, bet dar nesubrandin\u0119 s\u0117kl\u0173 (anksti nuskinti\u00a0 greitai vysta ir nesilaiko vazoje). Kad burno\u010diai ilgiau d\u017eiugint\u0173, nuskynus, kotus 5-10 sekund\u017ei\u0173 palaikau kar\u0161tame vandenyje ir merkiu \u012f \u0161alt\u0105 vanden\u012f. Jei kotai labai stori (ypa\u010d ruden\u012f), prie\u0161 merkdama \u012f kar\u0161t\u0105 vanden\u012f, dar kot\u0173 galus \u0161velniai padau\u017eau plaktuku. Taip augalo kotai sumink\u0161t\u0117ja ir jis lengvai pasiima vanden\u012f, prailgindamas savo \u017eyd\u0117jim\u0105 vazoje.<\/p>\n","protected":false},"excerpt":{"rendered":"<div>Amaranthus sanguineus nanus<\/div>\n<div><strong>Gamintojas: <\/strong>Olandija<\/div>\n<div><strong>Grup\u0117:<\/strong> Vienmet\u0117 &#8211; sausa\u017eied\u0117<\/div>\n<div><strong>Kiekis pakelyje:<\/strong>\u00a00,5 g \u2248 500 s\u0117kl\u0173<\/div>\n<div><strong>Auk\u0161tis cm:<\/strong>\u00a060<\/div>\n<div><strong>S\u0117ti m\u0117n.:<\/strong>\u00a0III \u2013 IV, lauke V<\/div>\n","protected":false},"featured_media":38581,"comment_status":"open","ping_status":"closed","template":"","meta":{"jetpack_publicize_message":"","jetpack_publicize_feature_enabled":true,"jetpack_social_post_already_shared":true,"jetpack_social_options":{"image_generator_settings":{"template":"highway","default_image_id":0,"font":"","enabled":false},"version":2}},"product_brand":[],"product_cat":[102,42,128],"product_tag":[104,103,52,51],"class_list":{"0":"post-35635","1":"product","2":"type-product","3":"status-publish","4":"has-post-thumbnail","6":"product_cat-burnotis","7":"product_cat-seklos","8":"product_cat-vienmeciu-geliu-seklos","9":"product_tag-amaranthus","10":"product_tag-burnotis","11":"product_tag-seeds","12":"product_tag-seklos","13":"product_shipping_class-seklos","15":"first","16":"instock","17":"shipping-taxable","18":"purchasable","19":"product-type-simple"},"jetpack_publicize_connections":[],"jetpack_sharing_enabled":true,"_links":{"self":[{"href":"https:\/\/geliurasa.lt\/index.php\/wp-json\/wp\/v2\/product\/35635","targetHints":{"allow":["GET"]}}],"collection":[{"href":"https:\/\/geliurasa.lt\/index.php\/wp-json\/wp\/v2\/product"}],"about":[{"href":"https:\/\/geliurasa.lt\/index.php\/wp-json\/wp\/v2\/types\/product"}],"replies":[{"embeddable":true,"href":"https:\/\/geliurasa.lt\/index.php\/wp-json\/wp\/v2\/comments?post=35635"}],"wp:featuredmedia":[{"embeddable":true,"href":"https:\/\/geliurasa.lt\/index.php\/wp-json\/wp\/v2\/media\/38581"}],"wp:attachment":[{"href":"https:\/\/geliurasa.lt\/index.php\/wp-json\/wp\/v2\/media?parent=35635"}],"wp:term":[{"taxonomy":"product_brand","embeddable":true,"href":"https:\/\/geliurasa.lt\/index.php\/wp-json\/wp\/v2\/product_brand?post=35635"},{"taxonomy":"product_cat","embeddable":true,"href":"https:\/\/geliurasa.lt\/index.php\/wp-json\/wp\/v2\/product_cat?post=35635"},{"taxonomy":"product_tag","embeddable":true,"href":"https:\/\/geliurasa.lt\/index.php\/wp-json\/wp\/v2\/product_tag?post=35635"}],"curies":[{"name":"wp","href":"https:\/\/api.w.org\/{rel}","templated":true}]}}