{"id":35971,"date":"2022-03-15T22:08:52","date_gmt":"2022-03-15T20:08:52","guid":{"rendered":"https:\/\/geliurasa.lt\/?post_type=product&#038;p=35971"},"modified":"2026-04-23T11:31:42","modified_gmt":"2026-04-23T08:31:42","slug":"paprastasis-sinavadas-black-barlow","status":"publish","type":"product","link":"https:\/\/geliurasa.lt\/index.php\/produktas\/paprastasis-sinavadas-black-barlow\/","title":{"rendered":"Paprastasis sinavadas Black Barlow"},"content":{"rendered":"<p>Juodai violetinis sinavadas. Puo\u0161n\u016bs \u017eiedeliai tinka skynimui ir stilingai \u012fsikomponuoja \u012fvairaus tipo g\u0117lynuose. Labai gra\u017eiai atrodo tarp\u00a0 balt\u0173 g\u0117li\u0173. Nereikl\u016bs, lengvai auginami augalai.<\/p>\n","protected":false},"excerpt":{"rendered":"<div>Aquilegia vulgaris var. Stellata<\/div>\n<div><strong>Gamintojas:\u00a0<\/strong>Olandija<\/div>\n<div><strong>Grup\u0117: <\/strong>daugiamet\u0117<\/div>\n<div><strong>Kiekis pakelyje:<\/strong> 30 s\u0117kl\u0173<\/div>\n<div><strong>Auk\u0161tis cm: <\/strong>70-80<\/div>\n<div><strong>S\u0117ti m\u0117n.: <\/strong>III viduje, IV-V lauke<\/div>\n<div><strong>Vieta:<\/strong> saul\u0117ta, dalinis pav\u0117sis<\/div>\n<div><strong>Dirva: <\/strong>neutrali<\/div>\n","protected":false},"featured_media":35977,"comment_status":"open","ping_status":"closed","template":"","meta":{"jetpack_publicize_message":"","jetpack_publicize_feature_enabled":true,"jetpack_social_post_already_shared":true,"jetpack_social_options":{"image_generator_settings":{"template":"highway","default_image_id":0,"font":"","enabled":false},"version":2}},"product_brand":[],"product_cat":[126,42,69],"product_tag":[70,52,51,53,317],"class_list":{"0":"post-35971","1":"product","2":"type-product","3":"status-publish","4":"has-post-thumbnail","6":"product_cat-daugiameciu-geliu-seklos","7":"product_cat-seklos","8":"product_cat-sinavadas","9":"product_tag-aquilegia","10":"product_tag-seeds","11":"product_tag-seklos","12":"product_tag-sinavadas","13":"product_tag-skynimas","14":"product_shipping_class-seklos","16":"first","17":"instock","18":"shipping-taxable","19":"purchasable","20":"product-type-simple"},"jetpack_publicize_connections":[],"jetpack_sharing_enabled":true,"_links":{"self":[{"href":"https:\/\/geliurasa.lt\/index.php\/wp-json\/wp\/v2\/product\/35971","targetHints":{"allow":["GET"]}}],"collection":[{"href":"https:\/\/geliurasa.lt\/index.php\/wp-json\/wp\/v2\/product"}],"about":[{"href":"https:\/\/geliurasa.lt\/index.php\/wp-json\/wp\/v2\/types\/product"}],"replies":[{"embeddable":true,"href":"https:\/\/geliurasa.lt\/index.php\/wp-json\/wp\/v2\/comments?post=35971"}],"wp:featuredmedia":[{"embeddable":true,"href":"https:\/\/geliurasa.lt\/index.php\/wp-json\/wp\/v2\/media\/35977"}],"wp:attachment":[{"href":"https:\/\/geliurasa.lt\/index.php\/wp-json\/wp\/v2\/media?parent=35971"}],"wp:term":[{"taxonomy":"product_brand","embeddable":true,"href":"https:\/\/geliurasa.lt\/index.php\/wp-json\/wp\/v2\/product_brand?post=35971"},{"taxonomy":"product_cat","embeddable":true,"href":"https:\/\/geliurasa.lt\/index.php\/wp-json\/wp\/v2\/product_cat?post=35971"},{"taxonomy":"product_tag","embeddable":true,"href":"https:\/\/geliurasa.lt\/index.php\/wp-json\/wp\/v2\/product_tag?post=35971"}],"curies":[{"name":"wp","href":"https:\/\/api.w.org\/{rel}","templated":true}]}}