{"id":36669,"date":"2023-01-02T21:22:54","date_gmt":"2023-01-02T19:22:54","guid":{"rendered":"https:\/\/geliurasa.lt\/?post_type=product&#038;p=36669"},"modified":"2026-04-02T10:56:30","modified_gmt":"2026-04-02T07:56:30","slug":"sluotinis-burnotis-nanus-pygmy-torch","status":"publish","type":"product","link":"https:\/\/geliurasa.lt\/index.php\/produktas\/sluotinis-burnotis-nanus-pygmy-torch\/","title":{"rendered":"\u0160luotinis burnotis Nanus Pygmy Torch"},"content":{"rendered":"<p>\u017dema\u016bgis, tvirtu stiebu, tamsiai raudonas burnotis &#8211; papuo\u0161 j\u016bs\u0173 g\u0117lyn\u0105. Tamsios \u017evak\u0117s puok\u0161t\u0119 padaro i\u0161skirtin\u0119. S\u0117klos s\u0117jamos pra\u0117jus \u0161aln\u0173 pavojui. Galima s\u0117ti tiesiai \u012f auginimo viet\u0105, paskui i\u0161retinti. Dirvo\u017eemiui nereiklus augalas.<\/p>\n<p>S\u0117klos naudojamos maistui, ypa\u010d tinkamos mikro daigeli\u0173 daiginimui.<\/p>\n","protected":false},"excerpt":{"rendered":"<div>Amaranthus sanguineus<\/div>\n<div><strong>Gamintojas: <\/strong>Olandija<\/div>\n<div><strong>Grup\u0117:<\/strong> Vienmet\u0117 &#8211; sausa\u017eied\u0117<\/div>\n<div><strong>Kiekis pakelyje:<\/strong>\u00a00,5 g \u2248 500 s\u0117kl\u0173<\/div>\n<div><strong>Auk\u0161tis cm:<\/strong> 60<\/div>\n<div><strong>S\u0117ti m\u0117n.:<\/strong> III , lauke IV-V<\/div>\n","protected":false},"featured_media":36671,"comment_status":"open","ping_status":"closed","template":"","meta":{"jetpack_publicize_message":"","jetpack_publicize_feature_enabled":true,"jetpack_social_post_already_shared":true,"jetpack_social_options":{"image_generator_settings":{"template":"highway","default_image_id":0,"font":"","enabled":false},"version":2}},"product_brand":[],"product_cat":[102,128,42],"product_tag":[104,103,52,51],"class_list":{"0":"post-36669","1":"product","2":"type-product","3":"status-publish","4":"has-post-thumbnail","6":"product_cat-burnotis","7":"product_cat-vienmeciu-geliu-seklos","8":"product_cat-seklos","9":"product_tag-amaranthus","10":"product_tag-burnotis","11":"product_tag-seeds","12":"product_tag-seklos","13":"product_shipping_class-seklos","15":"first","16":"instock","17":"shipping-taxable","18":"purchasable","19":"product-type-simple"},"jetpack_publicize_connections":[],"jetpack_sharing_enabled":true,"_links":{"self":[{"href":"https:\/\/geliurasa.lt\/index.php\/wp-json\/wp\/v2\/product\/36669","targetHints":{"allow":["GET"]}}],"collection":[{"href":"https:\/\/geliurasa.lt\/index.php\/wp-json\/wp\/v2\/product"}],"about":[{"href":"https:\/\/geliurasa.lt\/index.php\/wp-json\/wp\/v2\/types\/product"}],"replies":[{"embeddable":true,"href":"https:\/\/geliurasa.lt\/index.php\/wp-json\/wp\/v2\/comments?post=36669"}],"wp:featuredmedia":[{"embeddable":true,"href":"https:\/\/geliurasa.lt\/index.php\/wp-json\/wp\/v2\/media\/36671"}],"wp:attachment":[{"href":"https:\/\/geliurasa.lt\/index.php\/wp-json\/wp\/v2\/media?parent=36669"}],"wp:term":[{"taxonomy":"product_brand","embeddable":true,"href":"https:\/\/geliurasa.lt\/index.php\/wp-json\/wp\/v2\/product_brand?post=36669"},{"taxonomy":"product_cat","embeddable":true,"href":"https:\/\/geliurasa.lt\/index.php\/wp-json\/wp\/v2\/product_cat?post=36669"},{"taxonomy":"product_tag","embeddable":true,"href":"https:\/\/geliurasa.lt\/index.php\/wp-json\/wp\/v2\/product_tag?post=36669"}],"curies":[{"name":"wp","href":"https:\/\/api.w.org\/{rel}","templated":true}]}}