{"id":36729,"date":"2023-01-08T18:36:56","date_gmt":"2023-01-08T16:36:56","guid":{"rendered":"https:\/\/geliurasa.lt\/?post_type=product&#038;p=36729"},"modified":"2026-04-02T17:15:32","modified_gmt":"2026-04-02T14:15:32","slug":"darzine-balandune-green-plume","status":"publish","type":"product","link":"https:\/\/geliurasa.lt\/index.php\/produktas\/darzine-balandune-green-plume\/","title":{"rendered":"Dar\u017ein\u0117 baland\u016bn\u0117 Green Plume"},"content":{"rendered":"<p>Baland\u016bn\u0119\u00a0 auginu d\u0117l s\u0117klini\u0173 \u017eiedyn\u0173. Green Plume u\u017eaugina \u017ealius \u017eiedynus. Jie tinkami floristin\u0117ms kompozicijoms. Ypa\u010d tinka puok\u0161t\u0117ms, kaip \u017ealuma. Jauni lapeliai naudojami maistui, skonis pana\u0161\u016bs \u012f \u0161pinatus. Augalas nereiklus, lengvai auginimas.<\/p>\n<p>&nbsp;<\/p>\n","protected":false},"excerpt":{"rendered":"<div>Atriplex hortensis<\/div>\n<div><strong>Gamintojas:\u00a0<\/strong>Olandija<\/div>\n<div><strong>Grup\u0117:<\/strong>\u00a0Vienmet\u0117<\/div>\n<div><strong>Kiekis pakelyje:<\/strong> 0,5g \u2248 225 s\u0117klos<\/div>\n<div><strong>Auk\u0161tis cm:<\/strong> 90-150<\/div>\n<div><strong>S\u0117ti m\u0117n.:<\/strong> V-VI<\/div>\n","protected":false},"featured_media":36730,"comment_status":"open","ping_status":"closed","template":"","meta":{"jetpack_publicize_message":"","jetpack_publicize_feature_enabled":true,"jetpack_social_post_already_shared":false,"jetpack_social_options":{"image_generator_settings":{"template":"highway","default_image_id":0,"font":"","enabled":false},"version":2}},"product_brand":[],"product_cat":[99,128,42],"product_tag":[108,52,51],"class_list":{"0":"post-36729","1":"product","2":"type-product","3":"status-publish","4":"has-post-thumbnail","6":"product_cat-naujos-prekes","7":"product_cat-vienmeciu-geliu-seklos","8":"product_cat-seklos","9":"product_tag-balandune","10":"product_tag-seeds","11":"product_tag-seklos","12":"product_shipping_class-seklos","14":"first","15":"instock","16":"shipping-taxable","17":"purchasable","18":"product-type-simple"},"jetpack_publicize_connections":[],"jetpack_sharing_enabled":true,"_links":{"self":[{"href":"https:\/\/geliurasa.lt\/index.php\/wp-json\/wp\/v2\/product\/36729","targetHints":{"allow":["GET"]}}],"collection":[{"href":"https:\/\/geliurasa.lt\/index.php\/wp-json\/wp\/v2\/product"}],"about":[{"href":"https:\/\/geliurasa.lt\/index.php\/wp-json\/wp\/v2\/types\/product"}],"replies":[{"embeddable":true,"href":"https:\/\/geliurasa.lt\/index.php\/wp-json\/wp\/v2\/comments?post=36729"}],"wp:featuredmedia":[{"embeddable":true,"href":"https:\/\/geliurasa.lt\/index.php\/wp-json\/wp\/v2\/media\/36730"}],"wp:attachment":[{"href":"https:\/\/geliurasa.lt\/index.php\/wp-json\/wp\/v2\/media?parent=36729"}],"wp:term":[{"taxonomy":"product_brand","embeddable":true,"href":"https:\/\/geliurasa.lt\/index.php\/wp-json\/wp\/v2\/product_brand?post=36729"},{"taxonomy":"product_cat","embeddable":true,"href":"https:\/\/geliurasa.lt\/index.php\/wp-json\/wp\/v2\/product_cat?post=36729"},{"taxonomy":"product_tag","embeddable":true,"href":"https:\/\/geliurasa.lt\/index.php\/wp-json\/wp\/v2\/product_tag?post=36729"}],"curies":[{"name":"wp","href":"https:\/\/api.w.org\/{rel}","templated":true}]}}