{"id":36905,"date":"2023-01-22T15:46:53","date_gmt":"2023-01-22T13:46:53","guid":{"rendered":"https:\/\/geliurasa.lt\/?post_type=product&#038;p=36905"},"modified":"2026-04-22T10:21:11","modified_gmt":"2026-04-22T07:21:11","slug":"zydrasis-bandrenis-blue-glow","status":"publish","type":"product","link":"https:\/\/geliurasa.lt\/index.php\/produktas\/zydrasis-bandrenis-blue-glow\/","title":{"rendered":"\u017dydrasis bandrenis Blue Glow"},"content":{"rendered":"<p>BLUE GLOW intensyviai m\u0117lynos spalvos burbulai ant tvirt\u0173 kot\u0173.\u00a0 Kadangi bandrenis daugiametis, rekomenduojamas s\u0117kl\u0173 \u0161altasis periodas. Galima stratifikuoti, arba\u00a0 s\u0117kl\u0173 pakel\u012f palaikyti \u0161aldiklyje 1-2 savaites. Taip su\u017eadinamas dygimas.\u00a0 Tai saus\u0173 viet\u0173 augalas, reikalingas laidus dr\u0117gmei dirvo\u017eemis. \u017diem\u0105 per didelis kiekis dr\u0117gm\u0117s kartais pakenkia, tod\u0117l jie nei\u0161gyvena.<\/p>\n<p>&nbsp;<\/p>\n","protected":false},"excerpt":{"rendered":"<div><span style=\"vertical-align: inherit;\"><span style=\"vertical-align: inherit;\"><span style=\"vertical-align: inherit;\"><span style=\"vertical-align: inherit;\">\u00a0Echinops bannaticus<\/span><\/span><\/span><\/span><\/div>\n<div><strong>Gamintojas:\u00a0<\/strong>Olandija<\/div>\n<div><strong>Grup\u0117:<\/strong> daugiamet\u0117<\/div>\n<div><strong>Kiekis pakelyje:<\/strong> 0,5 g\u00a0\u2248 35 s\u0117klos<\/div>\n<div><strong>Auk\u0161tis cm: <\/strong>90- 120<\/div>\n<div><strong>S\u0117ti m\u0117n.:<\/strong> III-IV, lauke V<\/div>\n<div><strong>Vieta:<\/strong> saul\u0117ta, pusiau pav\u0117sis<\/div>\n<div><strong>Dirva:<\/strong> sausa, nem\u0117gsta dr\u0117gm\u0117s pertekliaus<\/div>\n","protected":false},"featured_media":36907,"comment_status":"open","ping_status":"closed","template":"","meta":{"jetpack_publicize_message":"","jetpack_publicize_feature_enabled":true,"jetpack_social_post_already_shared":true,"jetpack_social_options":{"image_generator_settings":{"template":"highway","default_image_id":0,"font":"","enabled":false},"version":2}},"product_brand":[],"product_cat":[357,126,99,42,224],"product_tag":[139,140,52,51],"class_list":{"0":"post-36905","1":"product","2":"type-product","3":"status-publish","4":"has-post-thumbnail","6":"product_cat-bandreniai","7":"product_cat-daugiameciu-geliu-seklos","8":"product_cat-naujos-prekes","9":"product_cat-seklos","10":"product_cat-zundos","11":"product_tag-bandrenis","12":"product_tag-echinops","13":"product_tag-seeds","14":"product_tag-seklos","15":"product_shipping_class-seklos","17":"first","18":"instock","19":"shipping-taxable","20":"purchasable","21":"product-type-simple"},"jetpack_publicize_connections":[],"jetpack_sharing_enabled":true,"_links":{"self":[{"href":"https:\/\/geliurasa.lt\/index.php\/wp-json\/wp\/v2\/product\/36905","targetHints":{"allow":["GET"]}}],"collection":[{"href":"https:\/\/geliurasa.lt\/index.php\/wp-json\/wp\/v2\/product"}],"about":[{"href":"https:\/\/geliurasa.lt\/index.php\/wp-json\/wp\/v2\/types\/product"}],"replies":[{"embeddable":true,"href":"https:\/\/geliurasa.lt\/index.php\/wp-json\/wp\/v2\/comments?post=36905"}],"wp:featuredmedia":[{"embeddable":true,"href":"https:\/\/geliurasa.lt\/index.php\/wp-json\/wp\/v2\/media\/36907"}],"wp:attachment":[{"href":"https:\/\/geliurasa.lt\/index.php\/wp-json\/wp\/v2\/media?parent=36905"}],"wp:term":[{"taxonomy":"product_brand","embeddable":true,"href":"https:\/\/geliurasa.lt\/index.php\/wp-json\/wp\/v2\/product_brand?post=36905"},{"taxonomy":"product_cat","embeddable":true,"href":"https:\/\/geliurasa.lt\/index.php\/wp-json\/wp\/v2\/product_cat?post=36905"},{"taxonomy":"product_tag","embeddable":true,"href":"https:\/\/geliurasa.lt\/index.php\/wp-json\/wp\/v2\/product_tag?post=36905"}],"curies":[{"name":"wp","href":"https:\/\/api.w.org\/{rel}","templated":true}]}}