{"id":37011,"date":"2023-01-27T23:41:24","date_gmt":"2023-01-27T21:41:24","guid":{"rendered":"https:\/\/geliurasa.lt\/?post_type=product&#038;p=37011"},"modified":"2026-02-05T10:40:21","modified_gmt":"2026-02-05T08:40:21","slug":"skiauteretoji-celiozija-chief","status":"publish","type":"product","link":"https:\/\/geliurasa.lt\/index.php\/produktas\/skiauteretoji-celiozija-chief\/","title":{"rendered":"Skiauter\u0117toji celiozija Chief"},"content":{"rendered":"<p>Skinamos g\u0117l\u0117s celiozija Chief yra \u012fvairi\u0173 spalv\u0173 skiauter\u0117s, pana\u0161ios \u012f \u017emogaus smegenis, ar gaid\u017eio skiauter\u0119. Ilgai laikosi pamerktos, tinka d\u017eiovinti, ypa\u010d tamsiosios veisl\u0117s, ir \u017eavingai atrodo g\u0117lynuose. Labai m\u0117gsta \u0161ilum\u0105 ir derling\u0105 \u017eem\u0119. Galima tiesiai \u012f lauk\u0105 s\u0117ti, bet geriau sodinti i\u0161 daig\u0173, anks\u010diau d\u017eiaugsit\u0117s \u017eiedais, ypa\u010d v\u0117sesn\u0119 vasar\u0105.<\/p>\n<p>Asmenin\u0117 patirtis: lauke\u00a0 u\u017eauga,\u00a0 bet pas mus Lietuvoje, neu\u017eauga tokios didel\u0117s galvut\u0117s, kaip galima pamatyti interneto puslapiuose. I\u0161eitis: auginti \u0161iltnamyje, ar lauko vazonuose.<\/p>\n<p>&nbsp;<\/p>\n","protected":false},"excerpt":{"rendered":"<div>\n<div>Celosia cristata<\/div>\n<div><strong>Gamintojas:\u00a0<\/strong>Olandija<\/div>\n<div><strong>Grup\u0117:<\/strong> vienmet\u0117<\/div>\n<div><strong>Kiekis pakelyje:<\/strong> 50 s\u0117kl\u0173<\/div>\n<div><strong>Auk\u0161tis cm: <\/strong>50-70<\/div>\n<div><strong>S\u0117ti m\u0117n.:<\/strong> III-IV<\/div>\n<div><strong>Vieta:<\/strong> saul\u0117ta<\/div>\n<div><strong>Dirva: <\/strong>derlinga, laidi dr\u0117gmei<\/div>\n<div><\/div>\n<\/div>\n<div><\/div>\n","protected":false},"featured_media":37016,"comment_status":"open","ping_status":"closed","template":"","meta":{"jetpack_publicize_message":"","jetpack_publicize_feature_enabled":true,"jetpack_social_post_already_shared":true,"jetpack_social_options":{"image_generator_settings":{"template":"highway","default_image_id":0,"font":"","enabled":false},"version":2}},"product_brand":[],"product_cat":[42,128],"product_tag":[150,52,51],"class_list":{"0":"post-37011","1":"product","2":"type-product","3":"status-publish","4":"has-post-thumbnail","6":"product_cat-seklos","7":"product_cat-vienmeciu-geliu-seklos","8":"product_tag-celiozija","9":"product_tag-seeds","10":"product_tag-seklos","11":"product_shipping_class-seklos","13":"first","14":"instock","15":"shipping-taxable","16":"purchasable","17":"product-type-variable"},"jetpack_publicize_connections":[],"jetpack_sharing_enabled":true,"_links":{"self":[{"href":"https:\/\/geliurasa.lt\/index.php\/wp-json\/wp\/v2\/product\/37011","targetHints":{"allow":["GET"]}}],"collection":[{"href":"https:\/\/geliurasa.lt\/index.php\/wp-json\/wp\/v2\/product"}],"about":[{"href":"https:\/\/geliurasa.lt\/index.php\/wp-json\/wp\/v2\/types\/product"}],"replies":[{"embeddable":true,"href":"https:\/\/geliurasa.lt\/index.php\/wp-json\/wp\/v2\/comments?post=37011"}],"wp:featuredmedia":[{"embeddable":true,"href":"https:\/\/geliurasa.lt\/index.php\/wp-json\/wp\/v2\/media\/37016"}],"wp:attachment":[{"href":"https:\/\/geliurasa.lt\/index.php\/wp-json\/wp\/v2\/media?parent=37011"}],"wp:term":[{"taxonomy":"product_brand","embeddable":true,"href":"https:\/\/geliurasa.lt\/index.php\/wp-json\/wp\/v2\/product_brand?post=37011"},{"taxonomy":"product_cat","embeddable":true,"href":"https:\/\/geliurasa.lt\/index.php\/wp-json\/wp\/v2\/product_cat?post=37011"},{"taxonomy":"product_tag","embeddable":true,"href":"https:\/\/geliurasa.lt\/index.php\/wp-json\/wp\/v2\/product_tag?post=37011"}],"curies":[{"name":"wp","href":"https:\/\/api.w.org\/{rel}","templated":true}]}}