{"id":37269,"date":"2023-02-24T12:07:20","date_gmt":"2023-02-24T10:07:20","guid":{"rendered":"https:\/\/geliurasa.lt\/?post_type=product&#038;p=37269"},"modified":"2026-03-13T16:31:47","modified_gmt":"2026-03-13T14:31:47","slug":"plaukuotoji-rudbekija-sahara","status":"publish","type":"product","link":"https:\/\/geliurasa.lt\/index.php\/produktas\/plaukuotoji-rudbekija-sahara\/","title":{"rendered":"Plaukuotoji rudbekija Sahara"},"content":{"rendered":"<p>Nuostabus rudbekijos mi\u0161inys su dideliais iki 12cm, pusiau dvigubais ir dvigubais aksominiais \u017eiedais.\u00a0 Naujos subtili\u0173 atspalvi\u0173 &#8211; karamel\u0117s, vario ir \u0161iltos ro\u017ein\u0117s spalvos rudbekijos.\u00a0 Geriau auginti kaip vienmet\u0119, \u0161iltesn\u0119 \u017eiem\u0105 i\u0161\u017eiemoja, pasis\u0117ja. Labai gerai toleruoja sausras. Prie\u017ei\u016bros nereikalaujanti g\u0117l\u0117, \u017eydinti iki v\u0117lyvo rudens. Pas\u0117jus anksti, \u017eydi pirmaisiais metais. Tinka skynimui.<\/p>\n<p>Patalpoje s\u0117klas s\u0117ti <span class=\"jCAhz ChMk0b\"><span class=\"ryNqvb\">ant dr\u0117gno gerai nusausinto dirvo\u017eemio, lengvai \u012fspaud\u017eiant, s\u0117kloms sudygti reikia \u0161viesos. Dygsta prie +20\u00b0C. Laikyti dirv\u0105 dr\u0117gn\u0105, bet ne \u0161lapi\u0105. Dygimas trunka 10-15 dien\u0173. Rekomenduojamas \u0161altasis s\u0117kl\u0173 palaikymas iki -4\u00b0C-+4\u00b0C, nes rudbekija yra trumpaam\u017eis daugiametis arba dvej\u0173 met\u0173 augalas, ta\u010diau da\u017enai auginamas kaip pusiau atsparus vienmetis augalas. Galima s\u0117ti ir ruden\u012f.<\/span><\/span><\/p>\n<p>&nbsp;<\/p>\n","protected":false},"excerpt":{"rendered":"<div>Rudbeckia hirta<\/div>\n<div>\n<div><strong>Gamintojas:\u00a0<\/strong>Olandija<\/div>\n<div><strong>Grup\u0117:<\/strong> vienmet\u0117<\/div>\n<div><strong>Kiekis pakelyje: <\/strong>10 s\u0117kl\u0173<\/div>\n<div><strong>Auk\u0161tis cm: <\/strong>60-90<\/div>\n<div><strong>S\u0117ti m\u0117n.:<\/strong> II-III,\u00a0 IV-V lauke, ruden\u012f<\/div>\n<div><strong>Vieta:<\/strong> saul\u0117ta<\/div>\n<div><strong>Dirva:<\/strong> laidi dr\u0117gmei, sausa.<\/div>\n<\/div>\n<div><\/div>\n","protected":false},"featured_media":37274,"comment_status":"open","ping_status":"closed","template":"","meta":{"jetpack_publicize_message":"","jetpack_publicize_feature_enabled":true,"jetpack_social_post_already_shared":true,"jetpack_social_options":{"image_generator_settings":{"template":"highway","default_image_id":0,"font":"","enabled":false},"version":2}},"product_brand":[],"product_cat":[99,128,42],"product_tag":[171,170,52,51],"class_list":{"0":"post-37269","1":"product","2":"type-product","3":"status-publish","4":"has-post-thumbnail","6":"product_cat-naujos-prekes","7":"product_cat-vienmeciu-geliu-seklos","8":"product_cat-seklos","9":"product_tag-rudbeckia","10":"product_tag-rudbekija","11":"product_tag-seeds","12":"product_tag-seklos","13":"product_shipping_class-seklos","15":"first","16":"instock","17":"shipping-taxable","18":"purchasable","19":"product-type-simple"},"jetpack_publicize_connections":[],"jetpack_sharing_enabled":true,"_links":{"self":[{"href":"https:\/\/geliurasa.lt\/index.php\/wp-json\/wp\/v2\/product\/37269","targetHints":{"allow":["GET"]}}],"collection":[{"href":"https:\/\/geliurasa.lt\/index.php\/wp-json\/wp\/v2\/product"}],"about":[{"href":"https:\/\/geliurasa.lt\/index.php\/wp-json\/wp\/v2\/types\/product"}],"replies":[{"embeddable":true,"href":"https:\/\/geliurasa.lt\/index.php\/wp-json\/wp\/v2\/comments?post=37269"}],"wp:featuredmedia":[{"embeddable":true,"href":"https:\/\/geliurasa.lt\/index.php\/wp-json\/wp\/v2\/media\/37274"}],"wp:attachment":[{"href":"https:\/\/geliurasa.lt\/index.php\/wp-json\/wp\/v2\/media?parent=37269"}],"wp:term":[{"taxonomy":"product_brand","embeddable":true,"href":"https:\/\/geliurasa.lt\/index.php\/wp-json\/wp\/v2\/product_brand?post=37269"},{"taxonomy":"product_cat","embeddable":true,"href":"https:\/\/geliurasa.lt\/index.php\/wp-json\/wp\/v2\/product_cat?post=37269"},{"taxonomy":"product_tag","embeddable":true,"href":"https:\/\/geliurasa.lt\/index.php\/wp-json\/wp\/v2\/product_tag?post=37269"}],"curies":[{"name":"wp","href":"https:\/\/api.w.org\/{rel}","templated":true}]}}