{"id":37385,"date":"2023-02-27T15:39:29","date_gmt":"2023-02-27T13:39:29","guid":{"rendered":"https:\/\/geliurasa.lt\/?post_type=product&#038;p=37385"},"modified":"2026-02-02T13:04:14","modified_gmt":"2026-02-02T11:04:14","slug":"blyskusis-viksris-javelin","status":"publish","type":"product","link":"https:\/\/geliurasa.lt\/index.php\/produktas\/blyskusis-viksris-javelin\/","title":{"rendered":"Bly\u0161kusis vik\u0161ris  Javelin"},"content":{"rendered":"<p><span class=\"jCAhz ChMk0b\"><span class=\"ryNqvb\">Javelin, tai viena i\u0161 nedaugelio dekoratyvini\u0173 \u017eoli\u0173, paken\u010dianti bet kok\u012f dirvo\u017eem\u012f, nuo sauso iki stovin\u010dio vandens,\u00a0bet taip pat atlaiko kar\u0161t\u012f ir sausr\u0105. Gali augti kaip vandens augalas. \u017diem\u0105 sud\u017ei\u016bv\u0119s irgi dekoratyvus. I\u0161tveria tik iki -10\u00b0C.<\/span><\/span><\/p>\n<p>Vienoje s\u0117kl\u0173 granul\u0117je yra kelet\u0105 s\u0117kly\u010di\u0173. \u0160viesa: reikalinga dygimui. S\u0117jama vos pridengiant.<\/p>\n<p>&nbsp;<\/p>\n","protected":false},"excerpt":{"rendered":"<div>Juncus pallidus<\/div>\n<div><strong>Gamintojas:\u00a0<\/strong>Olandija<\/div>\n<div><strong>Grup\u0117:<\/strong> Vienmet\u0117<\/div>\n<div><strong>Kiekis pakelyje:<\/strong> 5 s\u0117klos<\/div>\n<div><strong>Auk\u0161tis cm: <\/strong>60<\/div>\n<div><strong>S\u0117ti m\u0117n.:\u00a0 I<\/strong>-IV<\/div>\n<div><strong>Vieta:<\/strong> saul\u0117ta-pav\u0117sis<\/div>\n<div><strong>Dirva:<\/strong> \u012fvairi<\/div>\n<div><strong>Lauke ne\u017eiemoja<\/strong><\/div>\n","protected":false},"featured_media":37391,"comment_status":"open","ping_status":"closed","template":"","meta":{"jetpack_publicize_message":"","jetpack_publicize_feature_enabled":true,"jetpack_social_post_already_shared":true,"jetpack_social_options":{"image_generator_settings":{"template":"highway","default_image_id":0,"font":"","enabled":false},"version":2}},"product_brand":[],"product_cat":[179,128,42],"product_tag":[183,52,51,184],"class_list":{"0":"post-37385","1":"product","2":"type-product","3":"status-publish","4":"has-post-thumbnail","6":"product_cat-smilginiai-augalai","7":"product_cat-vienmeciu-geliu-seklos","8":"product_cat-seklos","9":"product_tag-juncus","10":"product_tag-seeds","11":"product_tag-seklos","12":"product_tag-smilga","13":"product_shipping_class-seklos","15":"first","16":"instock","17":"shipping-taxable","18":"purchasable","19":"product-type-simple"},"jetpack_publicize_connections":[],"jetpack_sharing_enabled":true,"_links":{"self":[{"href":"https:\/\/geliurasa.lt\/index.php\/wp-json\/wp\/v2\/product\/37385","targetHints":{"allow":["GET"]}}],"collection":[{"href":"https:\/\/geliurasa.lt\/index.php\/wp-json\/wp\/v2\/product"}],"about":[{"href":"https:\/\/geliurasa.lt\/index.php\/wp-json\/wp\/v2\/types\/product"}],"replies":[{"embeddable":true,"href":"https:\/\/geliurasa.lt\/index.php\/wp-json\/wp\/v2\/comments?post=37385"}],"wp:featuredmedia":[{"embeddable":true,"href":"https:\/\/geliurasa.lt\/index.php\/wp-json\/wp\/v2\/media\/37391"}],"wp:attachment":[{"href":"https:\/\/geliurasa.lt\/index.php\/wp-json\/wp\/v2\/media?parent=37385"}],"wp:term":[{"taxonomy":"product_brand","embeddable":true,"href":"https:\/\/geliurasa.lt\/index.php\/wp-json\/wp\/v2\/product_brand?post=37385"},{"taxonomy":"product_cat","embeddable":true,"href":"https:\/\/geliurasa.lt\/index.php\/wp-json\/wp\/v2\/product_cat?post=37385"},{"taxonomy":"product_tag","embeddable":true,"href":"https:\/\/geliurasa.lt\/index.php\/wp-json\/wp\/v2\/product_tag?post=37385"}],"curies":[{"name":"wp","href":"https:\/\/api.w.org\/{rel}","templated":true}]}}