{"id":37432,"date":"2023-02-28T22:15:56","date_gmt":"2023-02-28T20:15:56","guid":{"rendered":"https:\/\/geliurasa.lt\/?post_type=product&#038;p=37432"},"modified":"2026-03-19T12:05:25","modified_gmt":"2026-03-19T10:05:25","slug":"melesas-paprastasis-bluesette","status":"publish","type":"product","link":"https:\/\/geliurasa.lt\/index.php\/produktas\/melesas-paprastasis-bluesette\/","title":{"rendered":"M\u0117lesas paprastasis  Bluesette"},"content":{"rendered":"<p><span class=\"jCAhz ChMk0b\"><span class=\"ryNqvb\">Pirmoji ir vienintel\u0117 kompakti\u0161ka, i\u0161si\u0161akojusi ir ankstyvoji m\u0117leso veisl\u0117 i\u0161 s\u0117kl\u0173. Tikra alternatyva vegetatyvin\u0117ms veisl\u0117ms.\u00a0<\/span><\/span> <span class=\"jCAhz ChMk0b\"><span class=\"ryNqvb\">Pasi\u017eymi ilgu \u017eyd\u0117jimo periodu, dekoratyvus, malonaus kvapo, pritraukia bites bei drugelius.\u00a0 Tinka skynimui, sausoms puok\u0161t\u0117ms. M\u0117lynai violetiniai \u017eiedai &#8211; tikra g\u0117lyn\u0173\u00a0 bei vazon\u0173 puo\u0161mena. <\/span><\/span>M\u0117lesai m\u0117gsta labai laid\u017ei\u0105, sm\u0117l\u0117t\u0105 ir nederling\u0105 arba ma\u017eai derling\u0105 \u017eem\u0119. Labai gerai paken\u010dia sausras. Ruden\u012f m\u0117les\u0173 nukirpti nereikia, lengviau \u017eiemoja.<\/p>\n<p>Vienas i\u0161 lengviausiai i\u0161 s\u0117kl\u0173 auginam\u0173 daugiame\u010di\u0173 augal\u0173. S\u0117ti po vien\u0105 s\u0117kl\u0105 \u012f indel\u012f. Galima u\u017edengti vermikulitu dr\u0117gmei palaikyti. Dygimas trunka nuo 2 iki 4 dien\u0173, prie 18\u201320 \u00b0C.\u00a0Lauke sodinami tik gegu\u017e\u0117s pabaigoje, saul\u0117toje vietoje.<\/p>\n<p>&nbsp;<\/p>\n","protected":false},"excerpt":{"rendered":"<div>Perovskia atriplicifolia<\/div>\n<div><strong>Gamintojas:\u00a0<\/strong>Olandija<\/div>\n<div><strong>Grup\u0117:<\/strong> daugiamet\u0117<\/div>\n<div><strong>Kiekis pakelyje:<\/strong> 1 s\u0117kla<\/div>\n<div><strong>Auk\u0161tis cm: <\/strong>36-65<\/div>\n<div><strong>S\u0117ti m\u0117n.:<\/strong> II- III<\/div>\n<div><strong>Vieta:\u00a0 <\/strong>tik saul\u0117ta<\/div>\n<div><strong>Dirva:<\/strong> vidutinio derlingumo, laidi,<span class=\"jCAhz ChMk0b\"><span class=\"ryNqvb\"> priesm\u0117lis<\/span><\/span><\/div>\n<div><strong>\u017diemos atsparumo Zona:<\/strong> 4a &#8211; 9b<\/div>\n<div><\/div>\n","protected":false},"featured_media":37434,"comment_status":"open","ping_status":"closed","template":"","meta":{"jetpack_publicize_message":"","jetpack_publicize_feature_enabled":true,"jetpack_social_post_already_shared":true,"jetpack_social_options":{"image_generator_settings":{"template":"highway","default_image_id":0,"font":"","enabled":false},"version":2}},"product_brand":[],"product_cat":[126,99,42],"product_tag":[192,191,52,51],"class_list":{"0":"post-37432","1":"product","2":"type-product","3":"status-publish","4":"has-post-thumbnail","6":"product_cat-daugiameciu-geliu-seklos","7":"product_cat-naujos-prekes","8":"product_cat-seklos","9":"product_tag-melesas","10":"product_tag-perovskia","11":"product_tag-seeds","12":"product_tag-seklos","13":"product_shipping_class-seklos","15":"first","16":"instock","17":"shipping-taxable","18":"purchasable","19":"product-type-simple"},"jetpack_publicize_connections":[],"jetpack_sharing_enabled":true,"_links":{"self":[{"href":"https:\/\/geliurasa.lt\/index.php\/wp-json\/wp\/v2\/product\/37432","targetHints":{"allow":["GET"]}}],"collection":[{"href":"https:\/\/geliurasa.lt\/index.php\/wp-json\/wp\/v2\/product"}],"about":[{"href":"https:\/\/geliurasa.lt\/index.php\/wp-json\/wp\/v2\/types\/product"}],"replies":[{"embeddable":true,"href":"https:\/\/geliurasa.lt\/index.php\/wp-json\/wp\/v2\/comments?post=37432"}],"wp:featuredmedia":[{"embeddable":true,"href":"https:\/\/geliurasa.lt\/index.php\/wp-json\/wp\/v2\/media\/37434"}],"wp:attachment":[{"href":"https:\/\/geliurasa.lt\/index.php\/wp-json\/wp\/v2\/media?parent=37432"}],"wp:term":[{"taxonomy":"product_brand","embeddable":true,"href":"https:\/\/geliurasa.lt\/index.php\/wp-json\/wp\/v2\/product_brand?post=37432"},{"taxonomy":"product_cat","embeddable":true,"href":"https:\/\/geliurasa.lt\/index.php\/wp-json\/wp\/v2\/product_cat?post=37432"},{"taxonomy":"product_tag","embeddable":true,"href":"https:\/\/geliurasa.lt\/index.php\/wp-json\/wp\/v2\/product_tag?post=37432"}],"curies":[{"name":"wp","href":"https:\/\/api.w.org\/{rel}","templated":true}]}}