{"id":38919,"date":"2024-01-23T19:35:50","date_gmt":"2024-01-23T17:35:50","guid":{"rendered":"https:\/\/geliurasa.lt\/?post_type=product&#038;p=38919"},"modified":"2026-04-16T18:36:12","modified_gmt":"2026-04-16T15:36:12","slug":"paprastoji-silagele-bells-red","status":"publish","type":"product","link":"https:\/\/geliurasa.lt\/index.php\/produktas\/paprastoji-silagele-bells-red\/","title":{"rendered":"Paprastoji \u0161ilag\u0117l\u0117 Bells Red"},"content":{"rendered":"<p>Nuostabios \u0161velnios raudonos spalvos \u0161ilag\u0117l\u0117. Pra\u017eysta anksti pavasar\u012f, kartu su \u017eydr\u0117mis bei krokais. Augalas nereiklus, bet labai nem\u0117gsta persodinimo, tod\u0117l dauginama s\u0117klomis. Suformuoja ilg\u0105 ir tvirt\u0105, iki 1m \u0161akn\u012f, kuri\u0105 pa\u017eeidus, augalas mir\u0161ta. Dirvo\u017eemis gali b\u016bti\u00a0 ir sunkesnis, svarbu, kad vieta b\u016bt\u0173 v\u0117jo perpu\u010diama. Puikiai pakelia vasaros sausras. Vienoje vietoje gali augti 10 met\u0173 ir dar daugiau. P\u016bkuose paskend\u0119 besiskleid\u017eiantys \u017eiedai atrodo \u017eavingai. O nu\u017eyd\u0117j\u0119 s\u0117kl\u0173 kamuoliukai dar ilgai puo\u0161ia g\u0117lyn\u0105. Jei paliksite s\u0117klas, v\u0117jas jas i\u0161ne\u0161ios ir pasis\u0117s, sudygsta tik viena kita. Surinkus s\u0117klas geriausia s\u0117ti i\u0161 rudens, jos daigiausios \u0161vie\u017eios.<\/p>\n<p>S\u0117kloms\u00a0 rekomenduojamas \u0161altasis periodas. Pas\u0117jus laikykite s\u0117kl\u0105 pastovioje dr\u0117gm\u0117je (ne \u0161lapioje), ma\u017edaug +20\u00b0C\u00a0 temperat\u016broje. S\u0117klos turi b\u016bti padengtos plonai. Neu\u017edenkite labai ma\u017e\u0173 s\u0117kl\u0173, bet sandariai \u012fspauskite \u012f \u017eem\u0119. Sudygus laikyti v\u0117sesn\u0117je aplinkoje.<\/p>\n<p>&nbsp;<\/p>\n<p>&nbsp;<\/p>\n<p>&nbsp;<\/p>\n","protected":false},"excerpt":{"rendered":"<div>\n<div>Anemone pulsatilla vulgaris<\/div>\n<div><strong>Gamintojas:\u00a0<\/strong>Olandija<\/div>\n<div><strong>Grup\u0117: <\/strong>daugiamet\u0117<\/div>\n<div><strong>Kiekis pakelyje:<\/strong> 10 s\u0117kl\u0173<\/div>\n<div><strong>Auk\u0161tis cm: <\/strong>15-20, su \u017eiedais 30 cm<\/div>\n<div><strong>S\u0117ti m\u0117n.:<\/strong> II- IV<\/div>\n<div><strong>Vieta:<\/strong> saul\u0117ta, dalinis pav\u0117sis<\/div>\n<div><strong>Dirva: <\/strong>neutrali, dr\u0117gmei laidi<\/div>\n<\/div>\n<div><strong>\u017diemojimas:<\/strong> 3a \u2013 9b<\/div>\n","protected":false},"featured_media":38924,"comment_status":"open","ping_status":"closed","template":"","meta":{"jetpack_publicize_message":"","jetpack_publicize_feature_enabled":true,"jetpack_social_post_already_shared":true,"jetpack_social_options":{"image_generator_settings":{"template":"highway","default_image_id":0,"font":"","enabled":false},"version":2}},"product_brand":[],"product_cat":[126,353,99,42],"product_tag":[85,51,236],"class_list":{"0":"post-38919","1":"product","2":"type-product","3":"status-publish","4":"has-post-thumbnail","6":"product_cat-daugiameciu-geliu-seklos","7":"product_cat-ivairios","8":"product_cat-naujos-prekes","9":"product_cat-seklos","10":"product_tag-anemone","11":"product_tag-seklos","12":"product_tag-silagele","13":"product_shipping_class-seklos","15":"first","16":"instock","17":"shipping-taxable","18":"purchasable","19":"product-type-simple"},"jetpack_publicize_connections":[],"jetpack_sharing_enabled":true,"_links":{"self":[{"href":"https:\/\/geliurasa.lt\/index.php\/wp-json\/wp\/v2\/product\/38919","targetHints":{"allow":["GET"]}}],"collection":[{"href":"https:\/\/geliurasa.lt\/index.php\/wp-json\/wp\/v2\/product"}],"about":[{"href":"https:\/\/geliurasa.lt\/index.php\/wp-json\/wp\/v2\/types\/product"}],"replies":[{"embeddable":true,"href":"https:\/\/geliurasa.lt\/index.php\/wp-json\/wp\/v2\/comments?post=38919"}],"wp:featuredmedia":[{"embeddable":true,"href":"https:\/\/geliurasa.lt\/index.php\/wp-json\/wp\/v2\/media\/38924"}],"wp:attachment":[{"href":"https:\/\/geliurasa.lt\/index.php\/wp-json\/wp\/v2\/media?parent=38919"}],"wp:term":[{"taxonomy":"product_brand","embeddable":true,"href":"https:\/\/geliurasa.lt\/index.php\/wp-json\/wp\/v2\/product_brand?post=38919"},{"taxonomy":"product_cat","embeddable":true,"href":"https:\/\/geliurasa.lt\/index.php\/wp-json\/wp\/v2\/product_cat?post=38919"},{"taxonomy":"product_tag","embeddable":true,"href":"https:\/\/geliurasa.lt\/index.php\/wp-json\/wp\/v2\/product_tag?post=38919"}],"curies":[{"name":"wp","href":"https:\/\/api.w.org\/{rel}","templated":true}]}}