{"id":39633,"date":"2024-03-17T14:53:22","date_gmt":"2024-03-17T12:53:22","guid":{"rendered":"https:\/\/geliurasa.lt\/?post_type=product&#038;p=39633"},"modified":"2026-03-24T19:02:04","modified_gmt":"2026-03-24T17:02:04","slug":"raudonoji-zvaigzdune-black-knight","status":"publish","type":"product","link":"https:\/\/geliurasa.lt\/index.php\/produktas\/raudonoji-zvaigzdune-black-knight\/","title":{"rendered":"Raudonoji \u017evaig\u017ed\u016bn\u0117 Black Knight"},"content":{"rendered":"<p><span class=\"VIiyi\" lang=\"lt\"><span class=\"JLqJ4b ChMk0b\" data-language-for-alternatives=\"lt\" data-language-to-translate-into=\"en\" data-phrase-index=\"0\" data-number-of-phrases=\"11\">Beveik juodi su vy\u0161niniu atspalviu, pagalv\u0117l\u0117s formos \u017eiedai. Kiekvien\u0105 \u017eiedai i\u0161ry\u0161kina ma\u017ey\u010diai, \u012f smeigtukus pana\u0161\u016bs\u00a0 balti kuokeliai. Ilgi tvirti stiebai tinkami skynimui. Dygimo laikas: 7-14 d. Dygsta prie 20\u00b0C.<\/span><\/span><\/p>\n","protected":false},"excerpt":{"rendered":"<div>Scabiosa atropurpurea<\/div>\n<div><strong>Gamintojas:\u00a0<\/strong>Olandija<\/div>\n<div><strong>Grup\u0117:<\/strong> Vienmet\u0117<\/div>\n<div><strong>Kiekis pakelyje:<\/strong> 50 s\u0117kl\u0173<\/div>\n<div><strong>Auk\u0161tis cm: <\/strong>90<\/div>\n<div><strong>S\u0117ti m\u0117n.:<\/strong> III-IV, V<\/div>\n<div><strong>Vieta:<\/strong> saul\u0117ta-pav\u0117sis<\/div>\n<div><strong>Dirva:<\/strong> \u012fvairi, neutrali<\/div>\n","protected":false},"featured_media":39851,"comment_status":"open","ping_status":"closed","template":"","meta":{"jetpack_publicize_message":"","jetpack_publicize_feature_enabled":true,"jetpack_social_post_already_shared":true,"jetpack_social_options":{"image_generator_settings":{"template":"highway","default_image_id":0,"font":"","enabled":false},"version":2}},"product_brand":[],"product_cat":[99,128,287,42],"product_tag":[207,52,51,178],"class_list":{"0":"post-39633","1":"product","2":"type-product","3":"status-publish","4":"has-post-thumbnail","6":"product_cat-naujos-prekes","7":"product_cat-vienmeciu-geliu-seklos","8":"product_cat-zvaigzdunes","9":"product_cat-seklos","10":"product_tag-scabiosa","11":"product_tag-seeds","12":"product_tag-seklos","13":"product_tag-zvaigzdune","14":"product_shipping_class-seklos","16":"first","17":"instock","18":"shipping-taxable","19":"purchasable","20":"product-type-simple"},"jetpack_publicize_connections":[],"jetpack_sharing_enabled":true,"_links":{"self":[{"href":"https:\/\/geliurasa.lt\/index.php\/wp-json\/wp\/v2\/product\/39633","targetHints":{"allow":["GET"]}}],"collection":[{"href":"https:\/\/geliurasa.lt\/index.php\/wp-json\/wp\/v2\/product"}],"about":[{"href":"https:\/\/geliurasa.lt\/index.php\/wp-json\/wp\/v2\/types\/product"}],"replies":[{"embeddable":true,"href":"https:\/\/geliurasa.lt\/index.php\/wp-json\/wp\/v2\/comments?post=39633"}],"wp:featuredmedia":[{"embeddable":true,"href":"https:\/\/geliurasa.lt\/index.php\/wp-json\/wp\/v2\/media\/39851"}],"wp:attachment":[{"href":"https:\/\/geliurasa.lt\/index.php\/wp-json\/wp\/v2\/media?parent=39633"}],"wp:term":[{"taxonomy":"product_brand","embeddable":true,"href":"https:\/\/geliurasa.lt\/index.php\/wp-json\/wp\/v2\/product_brand?post=39633"},{"taxonomy":"product_cat","embeddable":true,"href":"https:\/\/geliurasa.lt\/index.php\/wp-json\/wp\/v2\/product_cat?post=39633"},{"taxonomy":"product_tag","embeddable":true,"href":"https:\/\/geliurasa.lt\/index.php\/wp-json\/wp\/v2\/product_tag?post=39633"}],"curies":[{"name":"wp","href":"https:\/\/api.w.org\/{rel}","templated":true}]}}