{"id":39634,"date":"2024-02-01T08:37:29","date_gmt":"2024-02-01T06:37:29","guid":{"rendered":"https:\/\/geliurasa.lt\/?post_type=product&#038;p=39634"},"modified":"2026-04-01T17:52:12","modified_gmt":"2026-04-01T14:52:12","slug":"vasarinis-flioksas-didysis-sugar-stars","status":"publish","type":"product","link":"https:\/\/geliurasa.lt\/index.php\/produktas\/vasarinis-flioksas-didysis-sugar-stars\/","title":{"rendered":"Vasarinis flioksas didysis  Sugar Stars"},"content":{"rendered":"<p><span class=\"jCAhz ChMk0b\"><span class=\"ryNqvb\">Tobuli \u017evaig\u017ed\u0117s formos kekiniai flioks\u0173 \u017eiedeliai: sodrios levand\u0173, indigo, m\u0117lynos ir baltos spalvos atspalvi\u0173 mi\u0161inys. <\/span><\/span>\u017dydi iki \u0161aln\u0173, be sustojimo. Ypatingai ilgai laikosi pamerktos vazoje. Tie ma\u017ei\u00a0 \u0161vytintys \u017eiedeliai papuo\u0161 bet kur\u012f \u0161ventin\u012f stal\u0105. <span class=\"jCAhz ChMk0b\"><span class=\"ryNqvb\">Puikus pasirinkimas ap\u017eeldinti vazonams tiek pakabinamiems, tiek ir pastatomiems &#8211; gra\u017eiai nusvyra.<\/span><\/span><\/p>\n<p>Geriausia s\u0117klas s\u0117ti kov\u0105. Augalams dygti reikia tamsos. Pas\u0117jus ant indo u\u017ed\u0117ti neper\u0161vie\u010diam\u0105 dangtel\u012f. Kad gaut\u0173 oro, kasdien reikia v\u0117dinti ir tikrinti, ar sudygo. Kai tik sudygsta, nune\u0161ti \u012f \u0161vies\u0105. Po paskutini\u0173 \u0161aln\u0173\u00a0 daigus sodinti 20 cm atstumu vienas nuo kito.<\/p>\n<p>&nbsp;<\/p>\n","protected":false},"excerpt":{"rendered":"<div>Phlox drummondii grandiflora<\/div>\n<div><strong>Gamintojas:\u00a0<\/strong>Olandija<\/div>\n<div><strong>Grup\u0117:<\/strong> Vienmet\u0117<\/div>\n<div><strong>Kiekis pakelyje:<\/strong> 0,3 g<\/div>\n<div><strong>Auk\u0161tis cm:<\/strong> 40-60<\/div>\n<div><strong>S\u0117ti m\u0117n.:<\/strong> II-IV<\/div>\n<div><strong>Vieta:<\/strong> saul\u0117ta-pav\u0117sis<\/div>\n<div><strong>Dirva:<\/strong> \u012fvairi, neutrali<\/div>\n","protected":false},"featured_media":39638,"comment_status":"open","ping_status":"closed","template":"","meta":{"jetpack_publicize_message":"","jetpack_publicize_feature_enabled":true,"jetpack_social_post_already_shared":false,"jetpack_social_options":{"image_generator_settings":{"template":"highway","default_image_id":0,"font":"","enabled":false},"version":2}},"product_brand":[],"product_cat":[320,99,128,42],"product_tag":[118,117,52,51],"class_list":{"0":"post-39634","1":"product","2":"type-product","3":"status-publish","4":"has-post-thumbnail","6":"product_cat-flioksai","7":"product_cat-naujos-prekes","8":"product_cat-vienmeciu-geliu-seklos","9":"product_cat-seklos","10":"product_tag-flioksas","11":"product_tag-phlox","12":"product_tag-seeds","13":"product_tag-seklos","14":"product_shipping_class-seklos","16":"first","17":"instock","18":"shipping-taxable","19":"purchasable","20":"product-type-simple"},"jetpack_publicize_connections":[],"jetpack_sharing_enabled":true,"_links":{"self":[{"href":"https:\/\/geliurasa.lt\/index.php\/wp-json\/wp\/v2\/product\/39634","targetHints":{"allow":["GET"]}}],"collection":[{"href":"https:\/\/geliurasa.lt\/index.php\/wp-json\/wp\/v2\/product"}],"about":[{"href":"https:\/\/geliurasa.lt\/index.php\/wp-json\/wp\/v2\/types\/product"}],"replies":[{"embeddable":true,"href":"https:\/\/geliurasa.lt\/index.php\/wp-json\/wp\/v2\/comments?post=39634"}],"wp:featuredmedia":[{"embeddable":true,"href":"https:\/\/geliurasa.lt\/index.php\/wp-json\/wp\/v2\/media\/39638"}],"wp:attachment":[{"href":"https:\/\/geliurasa.lt\/index.php\/wp-json\/wp\/v2\/media?parent=39634"}],"wp:term":[{"taxonomy":"product_brand","embeddable":true,"href":"https:\/\/geliurasa.lt\/index.php\/wp-json\/wp\/v2\/product_brand?post=39634"},{"taxonomy":"product_cat","embeddable":true,"href":"https:\/\/geliurasa.lt\/index.php\/wp-json\/wp\/v2\/product_cat?post=39634"},{"taxonomy":"product_tag","embeddable":true,"href":"https:\/\/geliurasa.lt\/index.php\/wp-json\/wp\/v2\/product_tag?post=39634"}],"curies":[{"name":"wp","href":"https:\/\/api.w.org\/{rel}","templated":true}]}}