{"id":39642,"date":"2024-03-17T14:55:04","date_gmt":"2024-03-17T12:55:04","guid":{"rendered":"https:\/\/geliurasa.lt\/?post_type=product&#038;p=39642"},"modified":"2026-04-13T12:26:26","modified_gmt":"2026-04-13T09:26:26","slug":"nykstukine-piliaroze-spring-celebrity-apricot","status":"publish","type":"product","link":"https:\/\/geliurasa.lt\/index.php\/produktas\/nykstukine-piliaroze-spring-celebrity-apricot\/","title":{"rendered":"Nyk\u0161tukin\u0117 piliaro\u017e\u0117 Spring Celebrity Apricot"},"content":{"rendered":"<p><span class=\"jCAhz ChMk0b\"><span class=\"ryNqvb\">\u017dydinti pirmaisiais metais nyk\u0161tukin\u0117 piliaro\u017e\u0117. \u0160velnios abrikosin\u0117s spalvos su rausvu atspalviu. \u017dydi garbanotais stambiais dvigubais arba pusiau dvigubais kvapniais \u017eiedais ant tvirt\u0173, trumpesni\u0173 nei \u012fprastai stieb\u0173. Gerai\u00a0 i\u0161si\u0161akoja. <\/span><\/span>\u0160i\u0173 kompakti\u0161k\u0173 piliaro\u017ei\u0173 dydis puikiai tiks ma\u017eesniems sodams bei dideliems vazonams. <span class=\"jCAhz ChMk0b\"><span class=\"ryNqvb\">Esant palankioms s\u0105lygoms, \u017eydi tris m\u0117nesius. <\/span><\/span><\/p>\n<p><span class=\"jCAhz ChMk0b\"><span class=\"ryNqvb\">S\u0117klos s\u0117jamos pavir\u0161iuje 20 mm atstumu viena nuo kitos ant dr\u0117gnos dirvos, vos pridengiant. Ideali dygimo temp. 15-20\u00b0C. Sudygsta 7- 10 dien\u0173. Geriausia s\u0117ti\u00a0 pavasar\u012f patalpoje ir i\u0161sodinti daigais, o kit\u0173 met\u0173 \u017eyd\u0117jimui, vasar\u0105 lauke.\u00a0<\/span><\/span><\/p>\n<p>&nbsp;<\/p>\n","protected":false},"excerpt":{"rendered":"<div>\u00a0Alcea rosea<\/div>\n<div><strong>Gamintojas:\u00a0<\/strong>Olandija<\/div>\n<div><strong>Grup\u0117:<\/strong> vienmet\u0117, dvimet\u0117<\/div>\n<div><strong>Kiekis pakelyje:<\/strong> 10 s\u0117kl\u0173<\/div>\n<div><strong>Auk\u0161tis cm:<\/strong> 60-80<\/div>\n<div><strong>S\u0117ti m\u0117n.:<\/strong> II-VIII<\/div>\n<div><strong>Vieta:<\/strong> saul\u0117ta<\/div>\n<div><strong>Dirva:<\/strong> \u012fvairi, neutrali<\/div>\n","protected":false},"featured_media":39647,"comment_status":"open","ping_status":"closed","template":"","meta":{"jetpack_publicize_message":"","jetpack_publicize_feature_enabled":true,"jetpack_social_post_already_shared":false,"jetpack_social_options":{"image_generator_settings":{"template":"highway","default_image_id":0,"font":"","enabled":false},"version":2}},"product_brand":[],"product_cat":[134,99,282,42,128],"product_tag":[280,281,52,51],"class_list":{"0":"post-39642","1":"product","2":"type-product","3":"status-publish","4":"has-post-thumbnail","6":"product_cat-dvimetes-geliu-seklos","7":"product_cat-naujos-prekes","8":"product_cat-piliarozes","9":"product_cat-seklos","10":"product_cat-vienmeciu-geliu-seklos","11":"product_tag-alcea","12":"product_tag-piliaroze","13":"product_tag-seeds","14":"product_tag-seklos","15":"product_shipping_class-seklos","17":"first","18":"instock","19":"shipping-taxable","20":"purchasable","21":"product-type-simple"},"jetpack_publicize_connections":[],"jetpack_sharing_enabled":true,"_links":{"self":[{"href":"https:\/\/geliurasa.lt\/index.php\/wp-json\/wp\/v2\/product\/39642","targetHints":{"allow":["GET"]}}],"collection":[{"href":"https:\/\/geliurasa.lt\/index.php\/wp-json\/wp\/v2\/product"}],"about":[{"href":"https:\/\/geliurasa.lt\/index.php\/wp-json\/wp\/v2\/types\/product"}],"replies":[{"embeddable":true,"href":"https:\/\/geliurasa.lt\/index.php\/wp-json\/wp\/v2\/comments?post=39642"}],"wp:featuredmedia":[{"embeddable":true,"href":"https:\/\/geliurasa.lt\/index.php\/wp-json\/wp\/v2\/media\/39647"}],"wp:attachment":[{"href":"https:\/\/geliurasa.lt\/index.php\/wp-json\/wp\/v2\/media?parent=39642"}],"wp:term":[{"taxonomy":"product_brand","embeddable":true,"href":"https:\/\/geliurasa.lt\/index.php\/wp-json\/wp\/v2\/product_brand?post=39642"},{"taxonomy":"product_cat","embeddable":true,"href":"https:\/\/geliurasa.lt\/index.php\/wp-json\/wp\/v2\/product_cat?post=39642"},{"taxonomy":"product_tag","embeddable":true,"href":"https:\/\/geliurasa.lt\/index.php\/wp-json\/wp\/v2\/product_tag?post=39642"}],"curies":[{"name":"wp","href":"https:\/\/api.w.org\/{rel}","templated":true}]}}