{"id":39760,"date":"2024-03-19T16:55:02","date_gmt":"2024-03-19T14:55:02","guid":{"rendered":"https:\/\/geliurasa.lt\/?post_type=product&#038;p=39760"},"modified":"2026-03-29T20:07:08","modified_gmt":"2026-03-29T17:07:08","slug":"puikioji-gvaizdune-benary-giant-orange-golden-yellow","status":"publish","type":"product","link":"https:\/\/geliurasa.lt\/index.php\/produktas\/puikioji-gvaizdune-benary-giant-orange-golden-yellow\/","title":{"rendered":"Puikioji gvaizd\u016bn\u0117 Benary Giant Orange, Golden Yellow, Lime"},"content":{"rendered":"<div class=\"w3-container\">\n<p>Eleganti\u0161kiausios, mil\u017eini\u0161kais jurgino \u017eiedais, \u017eydin\u010dios gvaizd\u016bn\u0117s. I\u0161siskirian\u010dios vienodais \u017eiedlapi\u0173 ra\u0161tais, spalvos yra ypa\u010d ry\u0161kios, bet tuo pa\u010diu itin rafinuotos. Tankiais \u017eiedlapiais apaugusios pilnaviduriais \u017eiedais, da\u017eniausiai vir\u0161ija 10 cm skersmen\u012f, tvirtai laikosi ant ilg\u0173 stieb\u0173, puikiai tinkan\u010di\u0173 skinti. Stiebai gali siekti net 100 cm. \u017dydi geriau nei dauguma kit\u0173 did\u017eia\u017eied\u017ei\u0173 gvaizd\u016bni\u0173, net ir esant dideliam kar\u0161\u010diui ir krituli\u0173 poveikiui. Pasi\u017eymi itin ilgu vazos\u00a0 gyvavimo laiku. Absoliu\u010diai kvap\u0105 gniau\u017eianti Benary Giant gvaizd\u016bni\u0173 serija.<\/p>\n<p>S\u0117jama po \u0161aln\u0173 lauke, gegu\u017e\u0119, arba baland\u012f po priedanga. Pas\u0117jus \u0161iltnamyje, ar \u012f d\u0117\u017eutes, perkeliant \u012f lauk\u0105, lengvai prigyja. \u017diedai skinami beveik visi\u0161kai subrend\u0119, prie\u0161 pat \u017eiedadulki\u0173 formavim\u0105si.<\/p>\n<\/div>\n<div class=\"w3-container\">\n<h5><\/h5>\n<h5><\/h5>\n<\/div>\n","protected":false},"excerpt":{"rendered":"<div>\n<div>\u00a0Zinnia elegans Benary\u2019s Giant<\/div>\n<div><strong>Gamintojas:\u00a0<\/strong>Olandija<\/div>\n<div><strong>Grup\u0117: <\/strong>vienmet\u0117<\/div>\n<div><strong>Kiekis pakelyje:<\/strong> 0,3 g<\/div>\n<div><strong>Auk\u0161tis cm: <\/strong>80-100<\/div>\n<div><strong>S\u0117ti m\u0117n.:<\/strong> IV-V<\/div>\n<div><strong>Vieta:<\/strong> saul\u0117ta, dr\u0117gmei laidi<\/div>\n<div><strong>Dirva: <\/strong>neutrali<\/div>\n<\/div>\n<div><\/div>\n","protected":false},"featured_media":42431,"comment_status":"open","ping_status":"closed","template":"","meta":{"jetpack_publicize_message":"","jetpack_publicize_feature_enabled":true,"jetpack_social_post_already_shared":false,"jetpack_social_options":{"image_generator_settings":{"template":"highway","default_image_id":0,"font":"","enabled":false},"version":2}},"product_brand":[],"product_cat":[247,128,42],"product_tag":[249,52,51,317,248],"class_list":{"0":"post-39760","1":"product","2":"type-product","3":"status-publish","4":"has-post-thumbnail","6":"product_cat-gvaizdunes","7":"product_cat-vienmeciu-geliu-seklos","8":"product_cat-seklos","9":"product_tag-gvaizdune","10":"product_tag-seeds","11":"product_tag-seklos","12":"product_tag-skynimas","13":"product_tag-zinna","14":"product_shipping_class-seklos","16":"first","17":"instock","18":"shipping-taxable","19":"purchasable","20":"product-type-variable"},"jetpack_publicize_connections":[],"jetpack_sharing_enabled":true,"_links":{"self":[{"href":"https:\/\/geliurasa.lt\/index.php\/wp-json\/wp\/v2\/product\/39760","targetHints":{"allow":["GET"]}}],"collection":[{"href":"https:\/\/geliurasa.lt\/index.php\/wp-json\/wp\/v2\/product"}],"about":[{"href":"https:\/\/geliurasa.lt\/index.php\/wp-json\/wp\/v2\/types\/product"}],"replies":[{"embeddable":true,"href":"https:\/\/geliurasa.lt\/index.php\/wp-json\/wp\/v2\/comments?post=39760"}],"wp:featuredmedia":[{"embeddable":true,"href":"https:\/\/geliurasa.lt\/index.php\/wp-json\/wp\/v2\/media\/42431"}],"wp:attachment":[{"href":"https:\/\/geliurasa.lt\/index.php\/wp-json\/wp\/v2\/media?parent=39760"}],"wp:term":[{"taxonomy":"product_brand","embeddable":true,"href":"https:\/\/geliurasa.lt\/index.php\/wp-json\/wp\/v2\/product_brand?post=39760"},{"taxonomy":"product_cat","embeddable":true,"href":"https:\/\/geliurasa.lt\/index.php\/wp-json\/wp\/v2\/product_cat?post=39760"},{"taxonomy":"product_tag","embeddable":true,"href":"https:\/\/geliurasa.lt\/index.php\/wp-json\/wp\/v2\/product_tag?post=39760"}],"curies":[{"name":"wp","href":"https:\/\/api.w.org\/{rel}","templated":true}]}}