{"id":39810,"date":"2024-03-13T22:13:40","date_gmt":"2024-03-13T20:13:40","guid":{"rendered":"https:\/\/geliurasa.lt\/?post_type=product&#038;p=39810"},"modified":"2026-03-26T15:36:00","modified_gmt":"2026-03-26T13:36:00","slug":"kvapusis-pelezirnis-king-size-coronation-mix","status":"publish","type":"product","link":"https:\/\/geliurasa.lt\/index.php\/produktas\/kvapusis-pelezirnis-king-size-coronation-mix\/","title":{"rendered":"Kvapusis pel\u0117\u017eirnis King Size Coronation Mix"},"content":{"rendered":"<div class=\"lRu31\" dir=\"ltr\"><span class=\"HwtZe\" lang=\"lt\"><span class=\"jCAhz ChMk0b\"><span class=\"ryNqvb\">\u0160ie pel\u0117\u017eirniai\u00a0 pasi\u017eymi, kaip\u00a0 ilgastiebiai, dideliais \u017eiedais, puikiai tinkantys skinti. Nuostabaus kvapo, \u012fvairiaspalvis spalv\u0173 <\/span><\/span><span class=\"jCAhz ChMk0b\"><span class=\"ryNqvb\">derinys\u00a0 suteiks bet kokiam sodui elegancijos ir\u00a0 patrauklumo. <\/span><\/span><\/span><\/div>\n<div class=\"lRu31\" dir=\"ltr\">\n<div class=\"OvtS8d\"><span class=\"HwtZe\" lang=\"lt\"><span class=\"jCAhz ChMk0b\"><span class=\"ryNqvb\">S\u0117jama baland\u012f namie, ar ne\u0161ildomame \u0161iltnamyje.<\/span><\/span><\/span> Prie\u0161 s\u0117j\u0105 pamirkyti s\u0117klas 24 valandas. Dygsta tamsoje. S\u0117jama po 3 s\u0117klas \u012f 8 cm vazon\u0105 10 mm gylyje \u012f dr\u0117gn\u0105, gerai nusausint\u0105 dirv\u0105. Dauginti 20-25\u00b0C. Dygimas trunka 7-21 dien\u0105. I\u0161dyg\u0119 auga v\u0117sesn\u0117mis s\u0105lygomis. Pasibaigus \u0161aln\u0173 pavojui, aklimatizuoti ir i\u0161sodinti 25 mm gylyje, 8 cm atstumu. Kai i\u0161augs 2 poros lapeli\u0173, reikia nugnybti vir\u0161\u016bn\u0117l\u0119 kad \u0161akot\u0173si. Pel\u0117\u017eirniams patinka v\u0117si \u017eem\u0117, tod\u0117l juos butina mul\u010diuoti storu sluoksniu &#8211; durp\u0117s, \u017eol\u0117s, \u0161iaud\u0173, taip ir dr\u0117gm\u0117 ilgiau laikysis kar\u0161tomis dienomis.<\/div>\n<div id=\"ow15172\"><\/div>\n<div id=\"ow15038\"><\/div>\n<\/div>\n<div class=\"UdTY9 WdefRb\" aria-hidden=\"true\" data-location=\"2\">\n<div class=\"kO6q6e\"><\/div>\n<\/div>\n<div class=\"XL3Kf XExWNc\">\n<div class=\"a8FIud X0rvP\">\n<div data-show-delay-ms=\"250\" data-append-to-body=\"false\" data-propagate-tooltip-mouseover-events=\"true\" data-anchor-corner=\"bottom-end\" data-enable-skip-handler=\"false\" data-popup-corner=\"top-end\">\n<div class=\"VfPpkd-Bz112c-RLmnJb\"><\/div>\n<\/div>\n<\/div>\n<\/div>\n<div class=\"ebT7ne VOLvac sMVRZe\">\n<div class=\"F0pQVc\">\u200b<\/div>\n<\/div>\n","protected":false},"excerpt":{"rendered":"<div><em>Lathyrus odoratus grandiflorus<\/em><\/div>\n<div><strong>Gamintojas:\u00a0<\/strong>Olandija<\/div>\n<div><strong>Grup\u0117:<\/strong>\u00a0 vienmet\u0117<\/div>\n<div><strong>Kiekis pakelyje:<\/strong> 1,6 g\u2248 30 s\u0117kl\u0173<\/div>\n<div><strong>Auk\u0161tis cm:<\/strong> 220<\/div>\n<div><strong>S\u0117ti m\u0117n.:<\/strong> III-IV<\/div>\n<div><strong>Vieta:<\/strong> saul\u0117ta<\/div>\n<div><strong>Dirva: <\/strong>derlinga, neutrali<\/div>\n","protected":false},"featured_media":39811,"comment_status":"open","ping_status":"closed","template":"","meta":{"jetpack_publicize_message":"","jetpack_publicize_feature_enabled":true,"jetpack_social_post_already_shared":true,"jetpack_social_options":{"image_generator_settings":{"template":"highway","default_image_id":0,"font":"","enabled":false},"version":2}},"product_brand":[],"product_cat":[286,99,42,128,312],"product_tag":[284,285,52,51],"class_list":{"0":"post-39810","1":"product","2":"type-product","3":"status-publish","4":"has-post-thumbnail","6":"product_cat-kvapieji-pelezirniai","7":"product_cat-naujos-prekes","8":"product_cat-seklos","9":"product_cat-vienmeciu-geliu-seklos","10":"product_cat-vijokliniu-geliu-seklos","11":"product_tag-lathyrus","12":"product_tag-pelezirnis","13":"product_tag-seeds","14":"product_tag-seklos","15":"product_shipping_class-seklos","17":"first","18":"instock","19":"shipping-taxable","20":"purchasable","21":"product-type-simple"},"jetpack_publicize_connections":[],"jetpack_sharing_enabled":true,"_links":{"self":[{"href":"https:\/\/geliurasa.lt\/index.php\/wp-json\/wp\/v2\/product\/39810","targetHints":{"allow":["GET"]}}],"collection":[{"href":"https:\/\/geliurasa.lt\/index.php\/wp-json\/wp\/v2\/product"}],"about":[{"href":"https:\/\/geliurasa.lt\/index.php\/wp-json\/wp\/v2\/types\/product"}],"replies":[{"embeddable":true,"href":"https:\/\/geliurasa.lt\/index.php\/wp-json\/wp\/v2\/comments?post=39810"}],"wp:featuredmedia":[{"embeddable":true,"href":"https:\/\/geliurasa.lt\/index.php\/wp-json\/wp\/v2\/media\/39811"}],"wp:attachment":[{"href":"https:\/\/geliurasa.lt\/index.php\/wp-json\/wp\/v2\/media?parent=39810"}],"wp:term":[{"taxonomy":"product_brand","embeddable":true,"href":"https:\/\/geliurasa.lt\/index.php\/wp-json\/wp\/v2\/product_brand?post=39810"},{"taxonomy":"product_cat","embeddable":true,"href":"https:\/\/geliurasa.lt\/index.php\/wp-json\/wp\/v2\/product_cat?post=39810"},{"taxonomy":"product_tag","embeddable":true,"href":"https:\/\/geliurasa.lt\/index.php\/wp-json\/wp\/v2\/product_tag?post=39810"}],"curies":[{"name":"wp","href":"https:\/\/api.w.org\/{rel}","templated":true}]}}