{"id":39872,"date":"2024-03-15T23:06:39","date_gmt":"2024-03-15T21:06:39","guid":{"rendered":"https:\/\/geliurasa.lt\/?post_type=product&#038;p=39872"},"modified":"2026-04-19T10:57:10","modified_gmt":"2026-04-19T07:57:10","slug":"karpytalapis-kermekas-forever-happy","status":"publish","type":"product","link":"https:\/\/geliurasa.lt\/index.php\/produktas\/karpytalapis-kermekas-forever-happy\/","title":{"rendered":"Karpytalapis kerm\u0117kas Forever Happy"},"content":{"rendered":"<p>Ro\u017ein\u0117s, la\u0161i\u0161os ir abrikos\u0173 atspalviai. S\u0117klos s\u0117jamos\u00a0 pavir\u0161iuje. Dygimui reikia \u0161viesos, tod\u0117l pridengti plonai vermikulitu, ar substratu.<\/p>\n","protected":false},"excerpt":{"rendered":"<div>Limonium sinuatum<\/div>\n<div><strong>Gamintojas:\u00a0<\/strong>Olandija<\/div>\n<div><strong>Grup\u0117:<\/strong>\u00a0Vienmet\u0117<\/div>\n<div><strong>Kiekis pakelyje:<\/strong> 0,3 g<\/div>\n<div><strong>Auk\u0161tis cm: <\/strong>60-80<\/div>\n<div><strong>S\u0117ti m\u0117n.: <\/strong>III-IV<\/div>\n<div><strong>Vieta:<\/strong> saul\u0117ta, dalinis pav\u0117sis<\/div>\n<div><strong>Dirva:<\/strong> dr\u0117gmei laidi<\/div>\n","protected":false},"featured_media":39875,"comment_status":"open","ping_status":"closed","template":"","meta":{"jetpack_publicize_message":"","jetpack_publicize_feature_enabled":true,"jetpack_social_post_already_shared":true,"jetpack_social_options":{"image_generator_settings":{"template":"highway","default_image_id":0,"font":"","enabled":false},"version":2}},"product_brand":[],"product_cat":[269,42,128],"product_tag":[259,260,52,51],"class_list":{"0":"post-39872","1":"product","2":"type-product","3":"status-publish","4":"has-post-thumbnail","6":"product_cat-kermekai","7":"product_cat-seklos","8":"product_cat-vienmeciu-geliu-seklos","9":"product_tag-kermekai","10":"product_tag-limonium","11":"product_tag-seeds","12":"product_tag-seklos","13":"product_shipping_class-seklos","15":"first","16":"instock","17":"shipping-taxable","18":"purchasable","19":"product-type-simple"},"jetpack_publicize_connections":[],"jetpack_sharing_enabled":true,"_links":{"self":[{"href":"https:\/\/geliurasa.lt\/index.php\/wp-json\/wp\/v2\/product\/39872","targetHints":{"allow":["GET"]}}],"collection":[{"href":"https:\/\/geliurasa.lt\/index.php\/wp-json\/wp\/v2\/product"}],"about":[{"href":"https:\/\/geliurasa.lt\/index.php\/wp-json\/wp\/v2\/types\/product"}],"replies":[{"embeddable":true,"href":"https:\/\/geliurasa.lt\/index.php\/wp-json\/wp\/v2\/comments?post=39872"}],"wp:featuredmedia":[{"embeddable":true,"href":"https:\/\/geliurasa.lt\/index.php\/wp-json\/wp\/v2\/media\/39875"}],"wp:attachment":[{"href":"https:\/\/geliurasa.lt\/index.php\/wp-json\/wp\/v2\/media?parent=39872"}],"wp:term":[{"taxonomy":"product_brand","embeddable":true,"href":"https:\/\/geliurasa.lt\/index.php\/wp-json\/wp\/v2\/product_brand?post=39872"},{"taxonomy":"product_cat","embeddable":true,"href":"https:\/\/geliurasa.lt\/index.php\/wp-json\/wp\/v2\/product_cat?post=39872"},{"taxonomy":"product_tag","embeddable":true,"href":"https:\/\/geliurasa.lt\/index.php\/wp-json\/wp\/v2\/product_tag?post=39872"}],"curies":[{"name":"wp","href":"https:\/\/api.w.org\/{rel}","templated":true}]}}