{"id":39890,"date":"2024-03-17T14:47:32","date_gmt":"2024-03-17T12:47:32","guid":{"rendered":"https:\/\/geliurasa.lt\/?post_type=product&#038;p=39890"},"modified":"2026-03-08T08:51:28","modified_gmt":"2026-03-08T06:51:28","slug":"pievinis-snaputis-pastel-palette","status":"publish","type":"product","link":"https:\/\/geliurasa.lt\/index.php\/produktas\/pievinis-snaputis-pastel-palette\/","title":{"rendered":"Pievinis snaputis Pastel Palette"},"content":{"rendered":"<p><span class=\"jCAhz ChMk0b\"><span class=\"ryNqvb\">Pasteliniai \u0161viesiai m\u0117lyni, ro\u017einiai ir balti snapu\u010dio \u017eiedai \u017eyd\u0117s vis\u0105 vasar\u0105, ruden\u012f iki pirm\u0173j\u0173 \u0161aln\u0173.\u00a0 Nereikl\u016bs ir pakant\u016bs sausrai, lietui bei pav\u0117siui. Daug met\u0173 gali auga vienoje vietoje. Galima pas\u0117ti ir laikini\u0173 g\u0117li\u0173 pievel\u0117se.<\/span><\/span><\/p>\n<p><span class=\"jCAhz ChMk0b\"><span class=\"ryNqvb\"> S\u0117kloms b\u016btinas \u0161altasis periodas. S\u0117klos palaikomos 1-2 sav. \u0161aldiklyje.\u00a0 Prie\u0161 s\u0117j\u0105 par\u0105 mirkomos vandenyje. Pas\u0117jus galima laikyti ne\u0161ildomame \u0161iltnamyje, ar terasoje. <\/span><\/span><span class=\"jCAhz ChMk0b\"><span class=\"ryNqvb\">Dygsta \u0161viesoje 7-14 dien\u0173, prie apytiksliai 20\u00b0C. <\/span><\/span><span class=\"jCAhz ChMk0b\"><span class=\"ryNqvb\">\u00a0S\u0117jama pavir\u0161iuje.<\/span><\/span><\/p>\n<p>&nbsp;<\/p>\n","protected":false},"excerpt":{"rendered":"<div>\u00a0Geranium pratense<\/div>\n<div><strong>Gamintojas:\u00a0<\/strong>Olandija<\/div>\n<div><strong>Grup\u0117:<\/strong> daugiamet\u0117<\/div>\n<div><strong>Kiekis pakelyje:<\/strong> 0,3 g<\/div>\n<div><strong>Auk\u0161tis cm: <\/strong>50<\/div>\n<div><strong>S\u0117ti m\u0117n.:<\/strong> I-IV<\/div>\n<div><strong>Vieta:<\/strong> saul\u0117ta, dalinis pav\u0117sis<\/div>\n<div><strong>Dirva:<\/strong> neutrali<\/div>\n<div><strong>Atsparumo zona<\/strong>: 4-8<\/div>\n","protected":false},"featured_media":39891,"comment_status":"open","ping_status":"closed","template":"","meta":{"jetpack_publicize_message":"","jetpack_publicize_feature_enabled":true,"jetpack_social_post_already_shared":true,"jetpack_social_options":{"image_generator_settings":{"template":"highway","default_image_id":0,"font":"","enabled":false},"version":2}},"product_brand":[],"product_cat":[126,99,42],"product_tag":[288,52,51,289],"class_list":{"0":"post-39890","1":"product","2":"type-product","3":"status-publish","4":"has-post-thumbnail","6":"product_cat-daugiameciu-geliu-seklos","7":"product_cat-naujos-prekes","8":"product_cat-seklos","9":"product_tag-geranium","10":"product_tag-seeds","11":"product_tag-seklos","12":"product_tag-snaputis","13":"product_shipping_class-seklos","15":"first","16":"instock","17":"shipping-taxable","18":"purchasable","19":"product-type-simple"},"jetpack_publicize_connections":[],"jetpack_sharing_enabled":true,"_links":{"self":[{"href":"https:\/\/geliurasa.lt\/index.php\/wp-json\/wp\/v2\/product\/39890","targetHints":{"allow":["GET"]}}],"collection":[{"href":"https:\/\/geliurasa.lt\/index.php\/wp-json\/wp\/v2\/product"}],"about":[{"href":"https:\/\/geliurasa.lt\/index.php\/wp-json\/wp\/v2\/types\/product"}],"replies":[{"embeddable":true,"href":"https:\/\/geliurasa.lt\/index.php\/wp-json\/wp\/v2\/comments?post=39890"}],"wp:featuredmedia":[{"embeddable":true,"href":"https:\/\/geliurasa.lt\/index.php\/wp-json\/wp\/v2\/media\/39891"}],"wp:attachment":[{"href":"https:\/\/geliurasa.lt\/index.php\/wp-json\/wp\/v2\/media?parent=39890"}],"wp:term":[{"taxonomy":"product_brand","embeddable":true,"href":"https:\/\/geliurasa.lt\/index.php\/wp-json\/wp\/v2\/product_brand?post=39890"},{"taxonomy":"product_cat","embeddable":true,"href":"https:\/\/geliurasa.lt\/index.php\/wp-json\/wp\/v2\/product_cat?post=39890"},{"taxonomy":"product_tag","embeddable":true,"href":"https:\/\/geliurasa.lt\/index.php\/wp-json\/wp\/v2\/product_tag?post=39890"}],"curies":[{"name":"wp","href":"https:\/\/api.w.org\/{rel}","templated":true}]}}