{"id":41730,"date":"2025-02-12T14:28:55","date_gmt":"2025-02-12T12:28:55","guid":{"rendered":"https:\/\/geliurasa.lt\/?post_type=product&#038;p=41730"},"modified":"2026-03-15T09:21:41","modified_gmt":"2026-03-15T07:21:41","slug":"menturinis-salavijas-purple-fairy-tale","status":"publish","type":"product","link":"https:\/\/geliurasa.lt\/index.php\/produktas\/menturinis-salavijas-purple-fairy-tale\/","title":{"rendered":"Menturinis \u0161alavijas Purple Fairy Tale"},"content":{"rendered":"<p>Intensyvios violetin\u0117s spalvos su m\u0117lynu atspalviu \u017eiedyn\u0173 bok\u0161tai, labai dekoratyv\u016bs ir \u012fdomios strukt\u016bros, \u0161vie\u010diantys i\u0161 tolo. Ant auk\u0161to koto lyg sijon\u0117liai kyla \u017eied\u0173 taurel\u0117s. Bendras vaizdas nuostabus. Nu\u017eyd\u0117j\u0119 suformuoja s\u0117kl\u0173\u00a0 bumbuliukus, kurie taip pat dekoratyv\u016bs. Gausiai ir ilgai \u017eydi nuo bir\u017eelio &#8211; 2 m\u0117nesius, nupjovus nu\u017eyd\u0117jusius \u017eiedus, dar \u017eydi ruden\u012f. Tinka skynimui. M\u0117gstami bi\u010di\u0173, nes skleid\u017eia \u0161veln\u0173 \u0161alavijams b\u016bding\u0105 kvap\u0105.<\/p>\n<p>S\u0117jam 3 mm gylyje, dygsta prie ma\u017edaug 18-21 \u00baC , daigai i\u0161sodinami lauke, pasibaigus \u0161alnoms, ma\u017edaug 40 -50cm atstumu vienas nuo kito.<\/p>\n<h3><\/h3>\n<p>&nbsp;<\/p>\n","protected":false},"excerpt":{"rendered":"<div><em>Salvia x superba<\/em><\/div>\n<div><strong>Gamintojas:\u00a0<\/strong>Olandija<\/div>\n<div><strong>Grup\u0117:<\/strong> daugiamet\u0117<\/div>\n<div><strong>Kiekis pakelyje:<\/strong> 10 s\u0117kl\u0173<\/div>\n<div><strong>Auk\u0161tis cm: <\/strong>50-60<\/div>\n<div><strong>S\u0117ti m\u0117n.:<\/strong> II-IV<\/div>\n<div><strong>Vieta:<\/strong> saul\u0117ta, dalinis pav\u0117sis<\/div>\n<div><strong>Dirva:<\/strong> neutrali<\/div>\n<div><strong>Atsparumo zona<\/strong>: 4-8<\/div>\n","protected":false},"featured_media":41732,"comment_status":"open","ping_status":"closed","template":"","meta":{"jetpack_publicize_message":"","jetpack_publicize_feature_enabled":true,"jetpack_social_post_already_shared":true,"jetpack_social_options":{"image_generator_settings":{"template":"highway","default_image_id":0,"font":"","enabled":false},"version":2}},"product_brand":[],"product_cat":[126,99,278,42],"product_tag":[215,214,52,51],"class_list":{"0":"post-41730","1":"product","2":"type-product","3":"status-publish","4":"has-post-thumbnail","6":"product_cat-daugiameciu-geliu-seklos","7":"product_cat-naujos-prekes","8":"product_cat-salavijai","9":"product_cat-seklos","10":"product_tag-salavijas","11":"product_tag-salvia","12":"product_tag-seeds","13":"product_tag-seklos","14":"product_shipping_class-seklos","16":"first","17":"instock","18":"shipping-taxable","19":"purchasable","20":"product-type-simple"},"jetpack_publicize_connections":[],"jetpack_sharing_enabled":true,"_links":{"self":[{"href":"https:\/\/geliurasa.lt\/index.php\/wp-json\/wp\/v2\/product\/41730","targetHints":{"allow":["GET"]}}],"collection":[{"href":"https:\/\/geliurasa.lt\/index.php\/wp-json\/wp\/v2\/product"}],"about":[{"href":"https:\/\/geliurasa.lt\/index.php\/wp-json\/wp\/v2\/types\/product"}],"replies":[{"embeddable":true,"href":"https:\/\/geliurasa.lt\/index.php\/wp-json\/wp\/v2\/comments?post=41730"}],"wp:featuredmedia":[{"embeddable":true,"href":"https:\/\/geliurasa.lt\/index.php\/wp-json\/wp\/v2\/media\/41732"}],"wp:attachment":[{"href":"https:\/\/geliurasa.lt\/index.php\/wp-json\/wp\/v2\/media?parent=41730"}],"wp:term":[{"taxonomy":"product_brand","embeddable":true,"href":"https:\/\/geliurasa.lt\/index.php\/wp-json\/wp\/v2\/product_brand?post=41730"},{"taxonomy":"product_cat","embeddable":true,"href":"https:\/\/geliurasa.lt\/index.php\/wp-json\/wp\/v2\/product_cat?post=41730"},{"taxonomy":"product_tag","embeddable":true,"href":"https:\/\/geliurasa.lt\/index.php\/wp-json\/wp\/v2\/product_tag?post=41730"}],"curies":[{"name":"wp","href":"https:\/\/api.w.org\/{rel}","templated":true}]}}