{"id":41873,"date":"2025-02-14T23:47:09","date_gmt":"2025-02-14T21:47:09","guid":{"rendered":"https:\/\/geliurasa.lt\/?post_type=product&#038;p=41873"},"modified":"2026-04-10T00:58:57","modified_gmt":"2026-04-09T21:58:57","slug":"melynasis-zvirgzdulis-lake-michigan-white","status":"publish","type":"product","link":"https:\/\/geliurasa.lt\/index.php\/produktas\/melynasis-zvirgzdulis-lake-michigan-white\/","title":{"rendered":"M\u0117lynasis \u017evirg\u017edulis Lake  Michigan White"},"content":{"rendered":"<p>\u012edomus augalas, \u017eiedai neriniuoti su be galo daug ma\u017e\u0173 \u017eiedeli\u0173. Gra\u017eus g\u0117lyne, puok\u0161t\u0117se.<\/p>\n<p><strong>Asmenin\u0117 patirtis: <\/strong>\u00a0s\u0117klas palaikiau 1-2 savaites \u0161aldiklyje, pas\u0117jus sudygo po 2 savai\u010di\u0173. S\u0117jant vasar\u012f, \u017eyd\u0117s v\u0117lyv\u0105 ruden\u012f, ar jau \u017eiem\u0105. Tod\u0117l, m\u016bs\u0173 s\u0105lygomis, daigelius vasar\u0105 geriausia sodinti \u012f \u0161iltnam\u012f visam sezonui. O tada auginti kaip vienmet\u012f, arba pasisodinti \u012f vazonus ir ne\u0161tis namo, ar \u012f r\u016bs\u012f ir i\u0161saugoti ( lengvai i\u0161\u017eiemoja). Persodinus, jaunus daigus ruden\u012f iki \u017eiemos prad\u017eios, \u017eyd\u0117s\u00a0 nuo \u017eiemos vidurio iki ankstyvo pavasario. O pas\u0117jus ruden\u012f \u017eyd\u0117s, pavasar\u012f &#8211; vasar\u0105. Reikalingas ilgas dienos \u0161viesumas. Jau i\u0161\u017eiemojusius augalus sodinti lauke, tik nepamir\u0161ti ruden\u012f i\u0161sikasti.<\/p>\n","protected":false},"excerpt":{"rendered":"<div>\n<div>Trachelium caeruleum<\/div>\n<div><strong>Gamintojas:\u00a0<\/strong>Olandija<\/div>\n<div><strong>Grup\u0117: <\/strong>daugiametis &#8211; vienmetis<\/div>\n<div><strong>Kiekis pakelyje:<\/strong> 10 s\u0117kl\u0173<\/div>\n<div><strong>Auk\u0161tis cm:<\/strong> 70-90<\/div>\n<div><strong>S\u0117ti m\u0117n.:<\/strong> I- XII<\/div>\n<div><strong>Vieta:<\/strong> saul\u0117ta<\/div>\n<div><strong>Dirva: <\/strong>neutrali, derlinga<\/div>\n<\/div>\n<div><strong>\u017diemojimas:<\/strong> \u00a0-4.4\u00b0C<\/div>\n","protected":false},"featured_media":41874,"comment_status":"open","ping_status":"closed","template":"","meta":{"jetpack_publicize_message":"","jetpack_publicize_feature_enabled":true,"jetpack_social_post_already_shared":true,"jetpack_social_options":{"image_generator_settings":{"template":"highway","default_image_id":0,"font":"","enabled":false},"version":2}},"product_brand":[],"product_cat":[99,42,128,332],"product_tag":[52,51,294,193],"class_list":{"0":"post-41873","1":"product","2":"type-product","3":"status-publish","4":"has-post-thumbnail","6":"product_cat-naujos-prekes","7":"product_cat-seklos","8":"product_cat-vienmeciu-geliu-seklos","9":"product_cat-zvirgzdulis","10":"product_tag-seeds","11":"product_tag-seklos","12":"product_tag-trachelium","13":"product_tag-zvirgzdulis","14":"product_shipping_class-seklos","16":"first","17":"instock","18":"shipping-taxable","19":"purchasable","20":"product-type-simple"},"jetpack_publicize_connections":[],"jetpack_sharing_enabled":true,"_links":{"self":[{"href":"https:\/\/geliurasa.lt\/index.php\/wp-json\/wp\/v2\/product\/41873","targetHints":{"allow":["GET"]}}],"collection":[{"href":"https:\/\/geliurasa.lt\/index.php\/wp-json\/wp\/v2\/product"}],"about":[{"href":"https:\/\/geliurasa.lt\/index.php\/wp-json\/wp\/v2\/types\/product"}],"replies":[{"embeddable":true,"href":"https:\/\/geliurasa.lt\/index.php\/wp-json\/wp\/v2\/comments?post=41873"}],"wp:featuredmedia":[{"embeddable":true,"href":"https:\/\/geliurasa.lt\/index.php\/wp-json\/wp\/v2\/media\/41874"}],"wp:attachment":[{"href":"https:\/\/geliurasa.lt\/index.php\/wp-json\/wp\/v2\/media?parent=41873"}],"wp:term":[{"taxonomy":"product_brand","embeddable":true,"href":"https:\/\/geliurasa.lt\/index.php\/wp-json\/wp\/v2\/product_brand?post=41873"},{"taxonomy":"product_cat","embeddable":true,"href":"https:\/\/geliurasa.lt\/index.php\/wp-json\/wp\/v2\/product_cat?post=41873"},{"taxonomy":"product_tag","embeddable":true,"href":"https:\/\/geliurasa.lt\/index.php\/wp-json\/wp\/v2\/product_tag?post=41873"}],"curies":[{"name":"wp","href":"https:\/\/api.w.org\/{rel}","templated":true}]}}