{"id":41897,"date":"2025-02-15T16:36:29","date_gmt":"2025-02-15T14:36:29","guid":{"rendered":"https:\/\/geliurasa.lt\/?post_type=product&#038;p=41897"},"modified":"2026-03-16T12:11:49","modified_gmt":"2026-03-16T10:11:49","slug":"rytine-laumene-leonardo-compact","status":"publish","type":"product","link":"https:\/\/geliurasa.lt\/index.php\/produktas\/rytine-laumene-leonardo-compact\/","title":{"rendered":"Rytin\u0117 laumen\u0117 Leonardo Compact"},"content":{"rendered":"<p>Laumen\u0117s ankstyvos pavasario g\u0117l\u0117s, nereikalaujan\u010dios prie\u017ei\u016bros. Apsipila ry\u0161kiais geltonais ramun\u0117s formos \u017eiedais. Kol\u00a0 pavasar\u012f dar tr\u016bksta spalv\u0173, linksmi \u017eiedeliai \u0161vie\u010dia i\u0161 tolo. Augalas yra\u00a0 \u0161liau\u017eiantis, tod\u0117l auga kaip kilimas. Puikiai dauginasi \u0161akniastiebiais. Norint padauginti, laumak\u0117s skirstomos pavasar\u012f jau nu\u017eyd\u0117jus.<\/p>\n<p>Leonardo Compact auga kompakti\u0161kai, vienodo \u016bgio, ankstyvesn\u0117, nei kitos veisl\u0117s. Pirmais metais gali dar ne\u017eyd\u0117ti.<\/p>\n<p>I\u0161 Europos ir Azijos kilusi Laumen\u0117 priklauso astrini\u0173 (Asteraceae) \u0161eimai ir yra susijusi su margainiais ir saul\u0117gr\u0105\u017eomis. Jos pavadinimas, kil\u0119s i\u0161 graiki\u0161k\u0173 \u017eod\u017ei\u0173 &#8222;doron&#8221;, rei\u0161kian\u010dio dovan\u0105, ir &#8222;nik\u00ea&#8221;, rei\u0161kian\u010dio pergal\u0119, puikiai atspindi d\u017eiaugsm\u0105, kur\u012f ji teikia tiems, kurie j\u0105 augina.<\/p>\n","protected":false},"excerpt":{"rendered":"<div>doronicum orientale<\/div>\n<div><strong>Gamintojas:\u00a0<\/strong>Olandija<\/div>\n<div><strong>Grup\u0117:<\/strong> daugiamet\u0117<\/div>\n<div><strong>Kiekis pakelyje: <\/strong>10 s\u0117kl\u0173<\/div>\n<div><strong>Auk\u0161tis cm: <\/strong>25<\/div>\n<div><strong>Plotis cm:<\/strong> 30<\/div>\n<div><strong>S\u0117ti m\u0117n.: <\/strong>III-V<\/div>\n<div><strong>Vieta:<\/strong> saul\u0117ta, dalinis pav\u0117sis<\/div>\n<div><strong>Dirva:<\/strong> \u012fvairi<\/div>\n","protected":false},"featured_media":41898,"comment_status":"open","ping_status":"closed","template":"","meta":{"jetpack_publicize_message":"","jetpack_publicize_feature_enabled":true,"jetpack_social_post_already_shared":true,"jetpack_social_options":{"image_generator_settings":{"template":"highway","default_image_id":0,"font":"","enabled":false},"version":2}},"product_brand":[],"product_cat":[126,99,42],"product_tag":[335,52,51],"class_list":{"0":"post-41897","1":"product","2":"type-product","3":"status-publish","4":"has-post-thumbnail","6":"product_cat-daugiameciu-geliu-seklos","7":"product_cat-naujos-prekes","8":"product_cat-seklos","9":"product_tag-laumene","10":"product_tag-seeds","11":"product_tag-seklos","12":"product_shipping_class-seklos","14":"first","15":"instock","16":"shipping-taxable","17":"purchasable","18":"product-type-simple"},"jetpack_publicize_connections":[],"jetpack_sharing_enabled":true,"_links":{"self":[{"href":"https:\/\/geliurasa.lt\/index.php\/wp-json\/wp\/v2\/product\/41897","targetHints":{"allow":["GET"]}}],"collection":[{"href":"https:\/\/geliurasa.lt\/index.php\/wp-json\/wp\/v2\/product"}],"about":[{"href":"https:\/\/geliurasa.lt\/index.php\/wp-json\/wp\/v2\/types\/product"}],"replies":[{"embeddable":true,"href":"https:\/\/geliurasa.lt\/index.php\/wp-json\/wp\/v2\/comments?post=41897"}],"wp:featuredmedia":[{"embeddable":true,"href":"https:\/\/geliurasa.lt\/index.php\/wp-json\/wp\/v2\/media\/41898"}],"wp:attachment":[{"href":"https:\/\/geliurasa.lt\/index.php\/wp-json\/wp\/v2\/media?parent=41897"}],"wp:term":[{"taxonomy":"product_brand","embeddable":true,"href":"https:\/\/geliurasa.lt\/index.php\/wp-json\/wp\/v2\/product_brand?post=41897"},{"taxonomy":"product_cat","embeddable":true,"href":"https:\/\/geliurasa.lt\/index.php\/wp-json\/wp\/v2\/product_cat?post=41897"},{"taxonomy":"product_tag","embeddable":true,"href":"https:\/\/geliurasa.lt\/index.php\/wp-json\/wp\/v2\/product_tag?post=41897"}],"curies":[{"name":"wp","href":"https:\/\/api.w.org\/{rel}","templated":true}]}}