{"id":41907,"date":"2025-02-15T21:35:32","date_gmt":"2025-02-15T19:35:32","guid":{"rendered":"https:\/\/geliurasa.lt\/?post_type=product&#038;p=41907"},"modified":"2026-03-11T18:04:13","modified_gmt":"2026-03-11T16:04:13","slug":"tarprusine-begonija-f1-stonehedge-light-pink-bronze-leaf","status":"publish","type":"product","link":"https:\/\/geliurasa.lt\/index.php\/produktas\/tarprusine-begonija-f1-stonehedge-light-pink-bronze-leaf\/","title":{"rendered":"Tarpr\u016b\u0161in\u0117 begonija F1 Stonehedge Light Pink Bronze Leaf"},"content":{"rendered":"<p>Pirmoji tarpr\u016b\u0161in\u0117, daugia\u017eied\u0117 begonija. Geras i\u0161si\u0161akojimas, energingai auganti, gra\u017eios formos,\u00a0 \u0161velni ro\u017ein\u0117 su nuostabiais bronziniais lapais. Savaime apsivalanti begonija, nu\u017eyd\u0117j\u0119 \u017eiedeliai nepastebimi, nes nuolat kraunami nauji \u017eiedai. Puikiai toleruoja \u0161ilum\u0105, ma\u017eai prie\u017ei\u016bros reikalaujantis augalas. Ypa\u010d tinkamas dideliems vazonams. O lauke pasodinta nepalieka abejing\u0173. \u012esp\u016bdingas dydis.<\/p>\n<p>S\u0117jamos pana\u0161iai, kaip ir vadinamos ledinukais, begonijos. Pas\u0117jus ant\u00a0 substrato s\u0117klas \u0161velniai prispausti, bet neapdengt. Sudaryti \u0161iltnamio s\u0105lygas, kad b\u016bt\u0173 dr\u0117gna ir \u0161ilta. Kas dien\u0105 tikrinti, jei reikia papurk\u0161ti \u0161iltu vandenuku. Neperlastyti, geriau sausiau, nei \u0161lapia. Dygsta 7-10 dien\u0173. U\u017eauga per 11-14 savai\u010di\u0173.<\/p>\n<p>&nbsp;<\/p>\n","protected":false},"excerpt":{"rendered":"<div>Begonia interspecific<\/div>\n<div><strong>Gamintojas:\u00a0<\/strong>Olandija<\/div>\n<div><strong>Grup\u0117:<\/strong> vienmet\u0117<\/div>\n<div><strong>Kiekis pakelyje: <\/strong>3 s\u0117klos<\/div>\n<div><strong>Auk\u0161tis cm:<\/strong>100-120<\/div>\n<div><strong>S\u0117ti m\u0117n.: <\/strong>I-III<\/div>\n<div><strong>Vieta:<\/strong> saul\u0117ta, dalinis pav\u0117sis<\/div>\n<div><strong>Dirva:<\/strong> derlinga, lengva<\/div>\n","protected":false},"featured_media":41908,"comment_status":"open","ping_status":"closed","template":"","meta":{"jetpack_publicize_message":"","jetpack_publicize_feature_enabled":true,"jetpack_social_post_already_shared":true,"jetpack_social_options":{"image_generator_settings":{"template":"highway","default_image_id":0,"font":"","enabled":false},"version":2}},"product_brand":[],"product_cat":[337,99,128,42],"product_tag":[338,52,51],"class_list":{"0":"post-41907","1":"product","2":"type-product","3":"status-publish","4":"has-post-thumbnail","6":"product_cat-begonijos","7":"product_cat-naujos-prekes","8":"product_cat-vienmeciu-geliu-seklos","9":"product_cat-seklos","10":"product_tag-begonija","11":"product_tag-seeds","12":"product_tag-seklos","13":"product_shipping_class-seklos","15":"first","16":"instock","17":"shipping-taxable","18":"purchasable","19":"product-type-simple"},"jetpack_publicize_connections":[],"jetpack_sharing_enabled":true,"_links":{"self":[{"href":"https:\/\/geliurasa.lt\/index.php\/wp-json\/wp\/v2\/product\/41907","targetHints":{"allow":["GET"]}}],"collection":[{"href":"https:\/\/geliurasa.lt\/index.php\/wp-json\/wp\/v2\/product"}],"about":[{"href":"https:\/\/geliurasa.lt\/index.php\/wp-json\/wp\/v2\/types\/product"}],"replies":[{"embeddable":true,"href":"https:\/\/geliurasa.lt\/index.php\/wp-json\/wp\/v2\/comments?post=41907"}],"wp:featuredmedia":[{"embeddable":true,"href":"https:\/\/geliurasa.lt\/index.php\/wp-json\/wp\/v2\/media\/41908"}],"wp:attachment":[{"href":"https:\/\/geliurasa.lt\/index.php\/wp-json\/wp\/v2\/media?parent=41907"}],"wp:term":[{"taxonomy":"product_brand","embeddable":true,"href":"https:\/\/geliurasa.lt\/index.php\/wp-json\/wp\/v2\/product_brand?post=41907"},{"taxonomy":"product_cat","embeddable":true,"href":"https:\/\/geliurasa.lt\/index.php\/wp-json\/wp\/v2\/product_cat?post=41907"},{"taxonomy":"product_tag","embeddable":true,"href":"https:\/\/geliurasa.lt\/index.php\/wp-json\/wp\/v2\/product_tag?post=41907"}],"curies":[{"name":"wp","href":"https:\/\/api.w.org\/{rel}","templated":true}]}}