{"id":42180,"date":"2025-02-25T16:08:29","date_gmt":"2025-02-25T14:08:29","guid":{"rendered":"https:\/\/geliurasa.lt\/?post_type=product&#038;p=42180"},"modified":"2026-03-24T19:02:04","modified_gmt":"2026-03-24T17:02:04","slug":"vaistinis-skaistenis-vegmo-sunny-ball-gold","status":"publish","type":"product","link":"https:\/\/geliurasa.lt\/index.php\/produktas\/vaistinis-skaistenis-vegmo-sunny-ball-gold\/","title":{"rendered":"Vaistinis skaistenis Vegmo Sunny Ball Gold"},"content":{"rendered":"<p>Geltonomis sagut\u0117mis pasipuo\u0161\u0119 Vegmo Sunny Ball Gold skaistenio \u017eiedko\u010diai. Tinkami skinti ir \u0161iaip auginti g\u0117lynuose. Saul\u0117je auginami b\u016bna \u017eemesni. Pav\u0117syje u\u017eauga auk\u0161tesni. Pasis\u0117ja. S\u0117jama \u012fprastai, lengvai auginami, nereikl\u016bs. Norint tur\u0117ti skint\u0173 \u017eied\u0173\u00a0 visam sezonui, geriausia s\u0117ti per kelis kartus. M\u0117gsta dr\u0117gm\u0119, per sausras reikia laistyti, kitaip bus trumpi koteliai.<\/p>\n<p>&nbsp;<\/p>\n","protected":false},"excerpt":{"rendered":"<div><em>Matricaria, Tanacetum parthenium<\/em><\/div>\n<div><strong>Gamintojas:\u00a0<\/strong>Olandija<\/div>\n<div><strong>Grup\u0117:<\/strong> Vienmet\u0117<\/div>\n<div><strong>Kiekis pakelyje:<\/strong> 10 s\u0117kl\u0173<\/div>\n<div><strong>Auk\u0161tis cm:<\/strong> 70-90<\/div>\n<div><strong>S\u0117ti m\u0117n.: <\/strong>III-V<\/div>\n<div><strong>Vieta:<\/strong> saul\u0117ta, dalinis pav\u0117sis<\/div>\n<div><strong>Dirva:<\/strong> neutrali, derlinga<\/div>\n","protected":false},"featured_media":42182,"comment_status":"open","ping_status":"closed","template":"","meta":{"jetpack_publicize_message":"","jetpack_publicize_feature_enabled":true,"jetpack_social_post_already_shared":true,"jetpack_social_options":{"image_generator_settings":{"template":"highway","default_image_id":0,"font":"","enabled":false},"version":2}},"product_brand":[],"product_cat":[99,322,128,42],"product_tag":[52,51,290,291],"class_list":{"0":"post-42180","1":"product","2":"type-product","3":"status-publish","4":"has-post-thumbnail","6":"product_cat-naujos-prekes","7":"product_cat-skaistaziedes","8":"product_cat-vienmeciu-geliu-seklos","9":"product_cat-seklos","10":"product_tag-seeds","11":"product_tag-seklos","12":"product_tag-skaistenis","13":"product_tag-tanacetum","14":"product_shipping_class-seklos","16":"first","17":"instock","18":"shipping-taxable","19":"purchasable","20":"product-type-simple"},"jetpack_publicize_connections":[],"jetpack_sharing_enabled":true,"_links":{"self":[{"href":"https:\/\/geliurasa.lt\/index.php\/wp-json\/wp\/v2\/product\/42180","targetHints":{"allow":["GET"]}}],"collection":[{"href":"https:\/\/geliurasa.lt\/index.php\/wp-json\/wp\/v2\/product"}],"about":[{"href":"https:\/\/geliurasa.lt\/index.php\/wp-json\/wp\/v2\/types\/product"}],"replies":[{"embeddable":true,"href":"https:\/\/geliurasa.lt\/index.php\/wp-json\/wp\/v2\/comments?post=42180"}],"wp:featuredmedia":[{"embeddable":true,"href":"https:\/\/geliurasa.lt\/index.php\/wp-json\/wp\/v2\/media\/42182"}],"wp:attachment":[{"href":"https:\/\/geliurasa.lt\/index.php\/wp-json\/wp\/v2\/media?parent=42180"}],"wp:term":[{"taxonomy":"product_brand","embeddable":true,"href":"https:\/\/geliurasa.lt\/index.php\/wp-json\/wp\/v2\/product_brand?post=42180"},{"taxonomy":"product_cat","embeddable":true,"href":"https:\/\/geliurasa.lt\/index.php\/wp-json\/wp\/v2\/product_cat?post=42180"},{"taxonomy":"product_tag","embeddable":true,"href":"https:\/\/geliurasa.lt\/index.php\/wp-json\/wp\/v2\/product_tag?post=42180"}],"curies":[{"name":"wp","href":"https:\/\/api.w.org\/{rel}","templated":true}]}}