{"id":42294,"date":"2025-02-26T19:21:57","date_gmt":"2025-02-26T17:21:57","guid":{"rendered":"https:\/\/geliurasa.lt\/?post_type=product&#038;p=42294"},"modified":"2026-03-31T22:17:26","modified_gmt":"2026-03-31T19:17:26","slug":"dekoratyviniai-puosnieji-kopustai-f1-osaka-iq","status":"publish","type":"product","link":"https:\/\/geliurasa.lt\/index.php\/produktas\/dekoratyviniai-puosnieji-kopustai-f1-osaka-iq\/","title":{"rendered":"Dekoratyviniai puo\u0161nieji kop\u016bstai  f1  Osaka IQ"},"content":{"rendered":"<p>Osaka iQ veisl\u0117s yra patobulintos pagal visas serijos charakteristikas, ypa\u010d ankstyvas spalvos atsiradimas, kop\u016bstai vienodo \u016bgio, nei\u0161tysta. Lap\u0173 sluoksniai banguotais kra\u0161tais, \u017eiedo vidurys pilnesnis, gra\u017eios spalvos. Kokybi\u0161kas vienodas\u00a0 ir kompakti\u0161kas augimas. \u017dema\u016bgiai kop\u016bstai nepamainomi ruden\u012f, gra\u017eiai atrodo i\u0161 j\u0173 padaryti ra\u0161tai. \u012esp\u016bdingai atrodo suderinti tarp kit\u0173 daugiame\u010di\u0173, ar vienme\u010di\u0173 augal\u0173.<\/p>\n<p>S\u0117klos s\u0117jamos po danga: III-IV, arba tiesiai \u012f lysv\u0119: IV-V, daigai persodinami: V-VI,\u00a0 \u017dydi: X-X.<\/p>\n","protected":false},"excerpt":{"rendered":"<div>Brassica oleracea<\/div>\n<div><strong>Gamintojas:\u00a0<\/strong>Olandija<\/div>\n<div><strong>Grup\u0117<\/strong>: vienmet\u0117<\/div>\n<div><strong>Kiekis pakelyje:<\/strong> 20 s\u0117kl\u0173<\/div>\n<div><strong>Auk\u0161tis cm: <\/strong>20<\/div>\n<div><strong>Plotis cm<\/strong> : 20<\/div>\n<div><strong>S\u0117ti m\u0117n.:<\/strong> IV\u2013VI lauke<\/div>\n<div><strong>Vieta:<\/strong> saul\u0117ta<\/div>\n<div><strong>Dirva: <\/strong>derlinga, dr\u0117gna<\/div>\n<div><\/div>\n","protected":false},"featured_media":42302,"comment_status":"open","ping_status":"closed","template":"","meta":{"jetpack_publicize_message":"","jetpack_publicize_feature_enabled":true,"jetpack_social_post_already_shared":true,"jetpack_social_options":{"image_generator_settings":{"template":"highway","default_image_id":0,"font":"","enabled":false},"version":2}},"product_brand":[],"product_cat":[326,99,300,128,42],"product_tag":[254,148,52,51],"class_list":{"0":"post-42294","1":"product","2":"type-product","3":"status-publish","4":"has-post-thumbnail","6":"product_cat-dekoratyvines-darzoves","7":"product_cat-naujos-prekes","8":"product_cat-puosnieji-kopustai","9":"product_cat-vienmeciu-geliu-seklos","10":"product_cat-seklos","11":"product_tag-brassica","12":"product_tag-kopustas","13":"product_tag-seeds","14":"product_tag-seklos","15":"product_shipping_class-seklos","17":"first","18":"instock","19":"shipping-taxable","20":"purchasable","21":"product-type-variable"},"jetpack_publicize_connections":[],"jetpack_sharing_enabled":true,"_links":{"self":[{"href":"https:\/\/geliurasa.lt\/index.php\/wp-json\/wp\/v2\/product\/42294","targetHints":{"allow":["GET"]}}],"collection":[{"href":"https:\/\/geliurasa.lt\/index.php\/wp-json\/wp\/v2\/product"}],"about":[{"href":"https:\/\/geliurasa.lt\/index.php\/wp-json\/wp\/v2\/types\/product"}],"replies":[{"embeddable":true,"href":"https:\/\/geliurasa.lt\/index.php\/wp-json\/wp\/v2\/comments?post=42294"}],"wp:featuredmedia":[{"embeddable":true,"href":"https:\/\/geliurasa.lt\/index.php\/wp-json\/wp\/v2\/media\/42302"}],"wp:attachment":[{"href":"https:\/\/geliurasa.lt\/index.php\/wp-json\/wp\/v2\/media?parent=42294"}],"wp:term":[{"taxonomy":"product_brand","embeddable":true,"href":"https:\/\/geliurasa.lt\/index.php\/wp-json\/wp\/v2\/product_brand?post=42294"},{"taxonomy":"product_cat","embeddable":true,"href":"https:\/\/geliurasa.lt\/index.php\/wp-json\/wp\/v2\/product_cat?post=42294"},{"taxonomy":"product_tag","embeddable":true,"href":"https:\/\/geliurasa.lt\/index.php\/wp-json\/wp\/v2\/product_tag?post=42294"}],"curies":[{"name":"wp","href":"https:\/\/api.w.org\/{rel}","templated":true}]}}