{"id":42663,"date":"2025-03-19T10:04:44","date_gmt":"2025-03-19T08:04:44","guid":{"rendered":"https:\/\/geliurasa.lt\/?post_type=product&#038;p=42663"},"modified":"2026-03-18T17:24:55","modified_gmt":"2026-03-18T15:24:55","slug":"kinmete-liquorice-white","status":"publish","type":"product","link":"https:\/\/geliurasa.lt\/index.php\/produktas\/kinmete-liquorice-white\/","title":{"rendered":"Kinmet\u0117 Liquorice White"},"content":{"rendered":"<p><span style=\"font-family: 'Segoe UI',sans-serif; color: #374151;\">Liquorice White&#8217; kinm\u0117t\u0117s \u017eiedynai &#8211; lyg \u017evak\u0117s \u017ealsvai baltos, sta\u010dios. Augalas nei\u0161virsta, auga kompakti\u0161kai. Malonus kvapas primena any\u017ei\u0173, ar saldumynus. Tinka arbatoms. Puikiai \u012fsikomponuoja puok\u0161t\u0117se (lapai nuskinami). Tai ma\u017eai prie\u017ei\u016bros reikalaujantis, atsparus sausrai augalas, kuris retai ken\u010dia nuo lig\u0173 ar kenk\u0117j\u0173. Nuskynus nu\u017eyd\u0117jusias vir\u0161\u016bnes, leid\u017eia \u0161oninius \u016bglius ir \u017eydi iki \u0161aln\u0173. Pritraukia naudinguosius vabzd\u017eius. Pas mus da\u017eniausiai nei\u0161\u017eiemoja, bet aplinkui pasis\u0117ja ir v\u0117l \u0161vyti vis\u0105 vasar\u0105.<\/span><\/p>\n<p><span class=\"rynqvb\">Dygimui reikalinga \u0161viesa, 18-20\u00b0C. S\u0117klas lengvai \u012fspausti\u00a0 \u012f substrat\u0105, bet neu\u017edengti. Vandens reikia nedaug, tik substrato dr\u0117gmei palaikyti. Sudygsta po 14-28 dien\u0173, bet gali u\u017etrukti iki 90 dien\u0173. D\u0117l geresnio dygimo, s\u0117kl\u0105 rekomenduojama pa\u0161aldyti. <\/span><\/p>\n","protected":false},"excerpt":{"rendered":"<div>\n[contact-form][contact-field label=\"Name\" type=\"name\"  required=\"true\" \/][contact-field label=\"Email\" type=\"email\" required=\"true\" \/][contact-field label=\"Website\" type=\"url\" \/][contact-field label=\"Message\" type=\"textarea\" \/][\/contact-form]\n<p>Agastache rugosa<\/p>\n<\/div>\n<div><strong>Gamintojas:\u00a0<\/strong>Olandija<\/div>\n<div><strong>Grup\u0117:<\/strong> daugiamet\u0117<\/div>\n<div><strong>Kiekis pakelyje:<\/strong> 20 s\u0117kl\u0173<\/div>\n<div><strong>Auk\u0161tis cm: <\/strong>70<\/div>\n<div><strong>S\u0117ti m\u0117n.:<\/strong> II-IV<\/div>\n<div><strong>Vieta:<\/strong> saul\u0117ta- pusiau pav\u0117sis<\/div>\n<div><strong>Dirva: <\/strong>neutrali, nusausinta<\/div>\n<div><\/div>\n","protected":false},"featured_media":42665,"comment_status":"open","ping_status":"closed","template":"","meta":{"jetpack_publicize_message":"","jetpack_publicize_feature_enabled":true,"jetpack_social_post_already_shared":true,"jetpack_social_options":{"image_generator_settings":{"template":"highway","default_image_id":0,"font":"","enabled":false},"version":2}},"product_brand":[],"product_cat":[126,237,42,128],"product_tag":[130,129,52,51],"class_list":{"0":"post-42663","1":"product","2":"type-product","3":"status-publish","4":"has-post-thumbnail","6":"product_cat-daugiameciu-geliu-seklos","7":"product_cat-kinmetes","8":"product_cat-seklos","9":"product_cat-vienmeciu-geliu-seklos","10":"product_tag-agastache","11":"product_tag-kinmete","12":"product_tag-seeds","13":"product_tag-seklos","14":"product_shipping_class-seklos","16":"first","17":"instock","18":"shipping-taxable","19":"purchasable","20":"product-type-simple"},"jetpack_publicize_connections":[],"jetpack_sharing_enabled":true,"_links":{"self":[{"href":"https:\/\/geliurasa.lt\/index.php\/wp-json\/wp\/v2\/product\/42663","targetHints":{"allow":["GET"]}}],"collection":[{"href":"https:\/\/geliurasa.lt\/index.php\/wp-json\/wp\/v2\/product"}],"about":[{"href":"https:\/\/geliurasa.lt\/index.php\/wp-json\/wp\/v2\/types\/product"}],"replies":[{"embeddable":true,"href":"https:\/\/geliurasa.lt\/index.php\/wp-json\/wp\/v2\/comments?post=42663"}],"wp:featuredmedia":[{"embeddable":true,"href":"https:\/\/geliurasa.lt\/index.php\/wp-json\/wp\/v2\/media\/42665"}],"wp:attachment":[{"href":"https:\/\/geliurasa.lt\/index.php\/wp-json\/wp\/v2\/media?parent=42663"}],"wp:term":[{"taxonomy":"product_brand","embeddable":true,"href":"https:\/\/geliurasa.lt\/index.php\/wp-json\/wp\/v2\/product_brand?post=42663"},{"taxonomy":"product_cat","embeddable":true,"href":"https:\/\/geliurasa.lt\/index.php\/wp-json\/wp\/v2\/product_cat?post=42663"},{"taxonomy":"product_tag","embeddable":true,"href":"https:\/\/geliurasa.lt\/index.php\/wp-json\/wp\/v2\/product_tag?post=42663"}],"curies":[{"name":"wp","href":"https:\/\/api.w.org\/{rel}","templated":true}]}}