{"id":42938,"date":"2025-04-15T08:55:10","date_gmt":"2025-04-15T05:55:10","guid":{"rendered":"https:\/\/geliurasa.lt\/?post_type=product&#038;p=42938"},"modified":"2026-03-24T19:02:04","modified_gmt":"2026-03-24T17:02:04","slug":"klarkija-enchantress","status":"publish","type":"product","link":"https:\/\/geliurasa.lt\/index.php\/produktas\/klarkija-enchantress\/","title":{"rendered":"Klarkija Enchantress"},"content":{"rendered":"<p>\u0160velnios ro\u017einiai dvigubi \u017eiedai, su kontrastingais raudonais kuokeliais, centre la\u0161i\u0161iniai atspalviai, viena i\u0161 auk\u0161\u010diausi\u0173 klarkij\u0173. Lengvai auga ir gausiai \u017eydi. Ilgai laikosi pamerktos. S\u0117jama \u012fprastai lauke. Galimas rudeninis s\u0117jimas.<\/p>\n","protected":false},"excerpt":{"rendered":"<div>Clarkia unguiculata<\/div>\n<div><strong>Gamintojas:\u00a0<\/strong>Olandija<\/div>\n<div><strong>Grup\u0117:<\/strong> Vienmet\u0117<\/div>\n<div><strong>Kiekis pakelyje:<\/strong> 0,3 g<\/div>\n<div><strong>Auk\u0161tis cm: <\/strong>50-90<\/div>\n<div><strong>S\u0117ti m\u0117n.:<\/strong> III-VI<\/div>\n<div><strong>Vieta:<\/strong> saul\u0117ta-pav\u0117sis<\/div>\n<div><strong>Dirva:<\/strong> \u012fvairi, neutrali<\/div>\n","protected":false},"featured_media":42940,"comment_status":"open","ping_status":"closed","template":"","meta":{"jetpack_publicize_message":"","jetpack_publicize_feature_enabled":true,"jetpack_social_post_already_shared":true,"jetpack_social_options":{"image_generator_settings":{"template":"highway","default_image_id":0,"font":"","enabled":false},"version":2}},"product_brand":[],"product_cat":[99,128,42],"product_tag":[351,52,51,317],"class_list":{"0":"post-42938","1":"product","2":"type-product","3":"status-publish","4":"has-post-thumbnail","6":"product_cat-naujos-prekes","7":"product_cat-vienmeciu-geliu-seklos","8":"product_cat-seklos","9":"product_tag-klarkija","10":"product_tag-seeds","11":"product_tag-seklos","12":"product_tag-skynimas","13":"product_shipping_class-seklos","15":"first","16":"instock","17":"shipping-taxable","18":"purchasable","19":"product-type-simple"},"jetpack_publicize_connections":[],"jetpack_sharing_enabled":true,"_links":{"self":[{"href":"https:\/\/geliurasa.lt\/index.php\/wp-json\/wp\/v2\/product\/42938","targetHints":{"allow":["GET"]}}],"collection":[{"href":"https:\/\/geliurasa.lt\/index.php\/wp-json\/wp\/v2\/product"}],"about":[{"href":"https:\/\/geliurasa.lt\/index.php\/wp-json\/wp\/v2\/types\/product"}],"replies":[{"embeddable":true,"href":"https:\/\/geliurasa.lt\/index.php\/wp-json\/wp\/v2\/comments?post=42938"}],"wp:featuredmedia":[{"embeddable":true,"href":"https:\/\/geliurasa.lt\/index.php\/wp-json\/wp\/v2\/media\/42940"}],"wp:attachment":[{"href":"https:\/\/geliurasa.lt\/index.php\/wp-json\/wp\/v2\/media?parent=42938"}],"wp:term":[{"taxonomy":"product_brand","embeddable":true,"href":"https:\/\/geliurasa.lt\/index.php\/wp-json\/wp\/v2\/product_brand?post=42938"},{"taxonomy":"product_cat","embeddable":true,"href":"https:\/\/geliurasa.lt\/index.php\/wp-json\/wp\/v2\/product_cat?post=42938"},{"taxonomy":"product_tag","embeddable":true,"href":"https:\/\/geliurasa.lt\/index.php\/wp-json\/wp\/v2\/product_tag?post=42938"}],"curies":[{"name":"wp","href":"https:\/\/api.w.org\/{rel}","templated":true}]}}