{"id":43064,"date":"2025-05-09T00:36:32","date_gmt":"2025-05-08T21:36:32","guid":{"rendered":"https:\/\/geliurasa.lt\/?post_type=product&#038;p=43064"},"modified":"2026-04-02T10:15:27","modified_gmt":"2026-04-02T07:15:27","slug":"darzelinis-gumbinas-margenis-premium-sun-chocolate-covered-cherry","status":"publish","type":"product","link":"https:\/\/geliurasa.lt\/index.php\/produktas\/darzelinis-gumbinas-margenis-premium-sun-chocolate-covered-cherry\/","title":{"rendered":"Dar\u017eelinis gumbinas (margenis) Premium Sun  Chocolate Covered Cherry"},"content":{"rendered":"<p><span class=\"jCAhz ChMk0b\"><span class=\"ryNqvb\">2025 met\u0173 naujiena. Ry\u0161kiai ra\u0161tuota, \u012fvairiaspalv\u0117 lapija, lengvai auginamas tropinis augalas. <\/span><\/span>Nei\u0161blunkantis spalv\u0173 ra\u0161tas, kiekvieno lapo ro\u017e\u0117s centras yra apsuptas tamsios raudonmed\u017eio spalvos ir apvestas \u017ealiu kra\u0161tu. <span class=\"jCAhz ChMk0b\"><span class=\"ryNqvb\">Premium Sun serijos margeniai atspar\u016bs saulei, \u0161ilumai, dr\u0117gmei, lapai\u00a0 nesigarbanoja vidurdienio saul\u0117je, net esant ma\u017eai dr\u0117gmei. J\u0173 v\u0117lyvas \u017eyd\u0117jimas, prailgina lap\u0173 gro\u017e\u012f. Margenis populiarus\u00a0 vazon\u0173 lapinis augalas, kuris vienodai gerai auga lauke, kaip vienmetis, arba patalpose kaip kambarinis augalas.\u00a0<\/span><\/span><\/p>\n<p><span class=\"jCAhz ChMk0b\"><span class=\"ryNqvb\">S\u0117kloms sudygti reikalinga \u0161viesa, tod\u0117l tik \u012fspaud\u017eiamos. <\/span><\/span><span class=\"jCAhz ChMk0b\"><span class=\"ryNqvb\">Sudygsta per 10\u201314 dien\u0173. Kuo labiau skinamos vir\u0161\u016bn\u0117s, tuo gra\u017eesnis ir kompakti\u0161kesnis augalas bus. Vir\u0161\u016bn\u0117l\u0117s pamerktos \u012f vanden\u012f lengvai \u012fsi\u0161aknija. \u017diemojimui, prie\u0161 augalui nu\u0161\u0105lant, galima prisiskinti augini\u0173\u00a0 ir \u012f\u0161aknydinti \u0161vie\u017ei\u0173 daigeli\u0173.<\/span><\/span><\/p>\n<p>&nbsp;<\/p>\n","protected":false},"excerpt":{"rendered":"<div>Solenostemon scutellerioides (Coleus blumei)<\/div>\n<div><strong>Gamintojas:\u00a0<\/strong>Olandija<\/div>\n<div><strong>Grup\u0117:<\/strong>\u00a0Vienmet\u0117<\/div>\n<div><strong>Kiekis pakelyje:<\/strong> 3 s\u0117klos<\/div>\n<div><strong>Auk\u0161tis cm: <\/strong>40-50<\/div>\n<div><strong>S\u0117ti m\u0117n.:<\/strong> I-III<\/div>\n<div><strong>Vieta:<\/strong> dalinis pav\u0117sis<\/div>\n<div>Dirva: derlinga, laidi dr\u0117gmei<\/div>\n","protected":false},"featured_media":43074,"comment_status":"open","ping_status":"closed","template":"","meta":{"jetpack_publicize_message":"","jetpack_publicize_feature_enabled":true,"jetpack_social_post_already_shared":true,"jetpack_social_options":{"image_generator_settings":{"template":"highway","default_image_id":0,"font":"","enabled":false},"version":2}},"product_brand":[],"product_cat":[190,99,128,42],"product_tag":[189,188,52,51],"class_list":{"0":"post-43064","1":"product","2":"type-product","3":"status-publish","4":"has-post-thumbnail","6":"product_cat-margeniai","7":"product_cat-naujos-prekes","8":"product_cat-vienmeciu-geliu-seklos","9":"product_cat-seklos","10":"product_tag-coleus","11":"product_tag-margenis","12":"product_tag-seeds","13":"product_tag-seklos","14":"product_shipping_class-seklos","16":"first","17":"instock","18":"shipping-taxable","19":"purchasable","20":"product-type-simple"},"jetpack_publicize_connections":[],"jetpack_sharing_enabled":true,"_links":{"self":[{"href":"https:\/\/geliurasa.lt\/index.php\/wp-json\/wp\/v2\/product\/43064","targetHints":{"allow":["GET"]}}],"collection":[{"href":"https:\/\/geliurasa.lt\/index.php\/wp-json\/wp\/v2\/product"}],"about":[{"href":"https:\/\/geliurasa.lt\/index.php\/wp-json\/wp\/v2\/types\/product"}],"replies":[{"embeddable":true,"href":"https:\/\/geliurasa.lt\/index.php\/wp-json\/wp\/v2\/comments?post=43064"}],"wp:featuredmedia":[{"embeddable":true,"href":"https:\/\/geliurasa.lt\/index.php\/wp-json\/wp\/v2\/media\/43074"}],"wp:attachment":[{"href":"https:\/\/geliurasa.lt\/index.php\/wp-json\/wp\/v2\/media?parent=43064"}],"wp:term":[{"taxonomy":"product_brand","embeddable":true,"href":"https:\/\/geliurasa.lt\/index.php\/wp-json\/wp\/v2\/product_brand?post=43064"},{"taxonomy":"product_cat","embeddable":true,"href":"https:\/\/geliurasa.lt\/index.php\/wp-json\/wp\/v2\/product_cat?post=43064"},{"taxonomy":"product_tag","embeddable":true,"href":"https:\/\/geliurasa.lt\/index.php\/wp-json\/wp\/v2\/product_tag?post=43064"}],"curies":[{"name":"wp","href":"https:\/\/api.w.org\/{rel}","templated":true}]}}