{"id":43217,"date":"2025-06-05T09:39:56","date_gmt":"2025-06-05T06:39:56","guid":{"rendered":"https:\/\/geliurasa.lt\/?post_type=product&#038;p=43217"},"modified":"2026-03-29T23:51:20","modified_gmt":"2026-03-29T20:51:20","slug":"sluotinis-burnotis-tower-green","status":"publish","type":"product","link":"https:\/\/geliurasa.lt\/index.php\/produktas\/sluotinis-burnotis-tower-green\/","title":{"rendered":"\u0160luotinis burnotis Tower Green"},"content":{"rendered":"<p>\u0160ie burno\u010diai stulbina savo forma, auga lyg bok\u0161tai tarp kit\u0173 g\u0117li\u0173. Putl\u016bs, vidutinio \u016bgio \u017eiedynai papuo\u0161 g\u0117lynus bei puok\u0161\u010di\u0173 kompozicijas.\u00a0 Pati \u017eied\u0173 strukt\u016bra tanki ir tvirtai prikibusi prie \u017eiedko\u010dio, lyg b\u016bt\u0173 priklijuoti kamuoliukai. Puikiai laikosi vazoje. Augalas visas valgomas.<\/p>\n<p>S\u0117klos s\u0117jamos pra\u0117jus \u0161aln\u0173 pavojui. Galima s\u0117ti tiesiai \u012f auginimo viet\u0105, paskui i\u0161retinti. Dirvo\u017eemiui nereikl\u016bs augalai.<\/p>\n","protected":false},"excerpt":{"rendered":"<div>Amaranthus cruentus<\/div>\n<div><strong>Gamintojas: <\/strong>Olandija<\/div>\n<div><strong>Grup\u0117:<\/strong> Vienmet\u0117 &#8211; sausa\u017eied\u0117<\/div>\n<div><strong>Kiekis pakelyje:<\/strong> 0,5 g<\/div>\n<div><strong>Auk\u0161tis cm:<\/strong> 50-100<\/div>\n<div><strong>S\u0117ti m\u0117n.:<\/strong> III , lauke IV-V<\/div>\n","protected":false},"featured_media":38570,"comment_status":"open","ping_status":"closed","template":"","meta":{"jetpack_publicize_message":"","jetpack_publicize_feature_enabled":true,"jetpack_social_post_already_shared":true,"jetpack_social_options":{"image_generator_settings":{"template":"highway","default_image_id":0,"font":"","enabled":false},"version":2}},"product_brand":[],"product_cat":[102,99,128,42],"product_tag":[104,103],"class_list":{"0":"post-43217","1":"product","2":"type-product","3":"status-publish","4":"has-post-thumbnail","6":"product_cat-burnotis","7":"product_cat-naujos-prekes","8":"product_cat-vienmeciu-geliu-seklos","9":"product_cat-seklos","10":"product_tag-amaranthus","11":"product_tag-burnotis","12":"product_shipping_class-seklos","14":"first","15":"instock","16":"shipping-taxable","17":"purchasable","18":"product-type-simple"},"jetpack_publicize_connections":[],"jetpack_sharing_enabled":true,"_links":{"self":[{"href":"https:\/\/geliurasa.lt\/index.php\/wp-json\/wp\/v2\/product\/43217","targetHints":{"allow":["GET"]}}],"collection":[{"href":"https:\/\/geliurasa.lt\/index.php\/wp-json\/wp\/v2\/product"}],"about":[{"href":"https:\/\/geliurasa.lt\/index.php\/wp-json\/wp\/v2\/types\/product"}],"replies":[{"embeddable":true,"href":"https:\/\/geliurasa.lt\/index.php\/wp-json\/wp\/v2\/comments?post=43217"}],"wp:featuredmedia":[{"embeddable":true,"href":"https:\/\/geliurasa.lt\/index.php\/wp-json\/wp\/v2\/media\/38570"}],"wp:attachment":[{"href":"https:\/\/geliurasa.lt\/index.php\/wp-json\/wp\/v2\/media?parent=43217"}],"wp:term":[{"taxonomy":"product_brand","embeddable":true,"href":"https:\/\/geliurasa.lt\/index.php\/wp-json\/wp\/v2\/product_brand?post=43217"},{"taxonomy":"product_cat","embeddable":true,"href":"https:\/\/geliurasa.lt\/index.php\/wp-json\/wp\/v2\/product_cat?post=43217"},{"taxonomy":"product_tag","embeddable":true,"href":"https:\/\/geliurasa.lt\/index.php\/wp-json\/wp\/v2\/product_tag?post=43217"}],"curies":[{"name":"wp","href":"https:\/\/api.w.org\/{rel}","templated":true}]}}