{"id":44174,"date":"2026-01-28T00:43:59","date_gmt":"2026-01-27T22:43:59","guid":{"rendered":"https:\/\/geliurasa.lt\/?post_type=product&#038;p=44174"},"modified":"2026-04-02T10:15:27","modified_gmt":"2026-04-02T07:15:27","slug":"ispanine-juodgrude-midnight","status":"publish","type":"product","link":"https:\/\/geliurasa.lt\/index.php\/produktas\/ispanine-juodgrude-midnight\/","title":{"rendered":"Ispanin\u0117 juodgr\u016bd\u0117 Midnight"},"content":{"rendered":"<p><span class=\"jCAhz ChMk0b\"><span class=\"ryNqvb\">Prabangios, tamsiai\u00a0 violetiniais aksominiais \u017eiedais, ispanin\u0117s juodgr\u016bd\u0117s. S\u0117kl\u0173 d\u0117\u017eut\u0117s irgi tamsiai violetin\u0117s. Skinamos sprogstant pumpurams. Laikosi apie savait\u0119, o nukritus violetiniams \u017eiedlapiams, formuojasi s\u0117kl\u0173 d\u0117\u017eut\u0117, kurios dar ilgai d\u017eiugina pamerktos vazoje.<\/span><\/span><\/p>\n<p><span class=\"jCAhz ChMk0b\"><span class=\"ryNqvb\">S\u0117jama lauke, 0,5- 1 cm gylyje. Dygsta 10-14 dien\u0173. Dygimui reikalinga dr\u0117gm\u0117, reikia steb\u0117ti, kad neperd\u017ei\u016bt\u0173 pavir\u0161ius, tod\u0117l s\u0117j\u0105 galima prad\u0117ti lauke kov\u0105, kai jau leid\u017eia oro s\u0105lygos. V\u0117liau dar kart\u0105 s\u0117ti , kai jau \u0161ilta baland\u012f- gegu\u017e\u0119. Auginimui nereiklios.<\/span><\/span><\/p>\n<p>&nbsp;<\/p>\n","protected":false},"excerpt":{"rendered":"<div>Nigella papillosa<\/div>\n<div><strong>Gamintojas:\u00a0<\/strong>Olandija<\/div>\n<div><strong>Grup\u0117: <\/strong>vienmet\u0117<\/div>\n<div><strong>Kiekis pakelyje:<\/strong> 0,5 g<\/div>\n<div><strong>Auk\u0161tis cm:<\/strong> 80-90<\/div>\n<div><strong>S\u0117ti m\u0117n.:<\/strong> III, IV- V<\/div>\n<div><strong>Vieta:<\/strong> saul\u0117ta<\/div>\n<div><strong>Dirva: <\/strong>neutrali<\/div>\n","protected":false},"featured_media":44175,"comment_status":"open","ping_status":"closed","template":"","meta":{"jetpack_publicize_message":"","jetpack_publicize_feature_enabled":true,"jetpack_social_post_already_shared":true,"jetpack_social_options":{"image_generator_settings":{"template":"highway","default_image_id":0,"font":"","enabled":false},"version":2}},"product_brand":[],"product_cat":[156,99,128,42],"product_tag":[158,157,52,51],"class_list":{"0":"post-44174","1":"product","2":"type-product","3":"status-publish","4":"has-post-thumbnail","6":"product_cat-juodgrudes","7":"product_cat-naujos-prekes","8":"product_cat-vienmeciu-geliu-seklos","9":"product_cat-seklos","10":"product_tag-juodgrude","11":"product_tag-nigella","12":"product_tag-seeds","13":"product_tag-seklos","14":"product_shipping_class-seklos","16":"first","17":"instock","18":"shipping-taxable","19":"purchasable","20":"product-type-simple"},"jetpack_publicize_connections":[],"jetpack_sharing_enabled":true,"_links":{"self":[{"href":"https:\/\/geliurasa.lt\/index.php\/wp-json\/wp\/v2\/product\/44174","targetHints":{"allow":["GET"]}}],"collection":[{"href":"https:\/\/geliurasa.lt\/index.php\/wp-json\/wp\/v2\/product"}],"about":[{"href":"https:\/\/geliurasa.lt\/index.php\/wp-json\/wp\/v2\/types\/product"}],"replies":[{"embeddable":true,"href":"https:\/\/geliurasa.lt\/index.php\/wp-json\/wp\/v2\/comments?post=44174"}],"wp:featuredmedia":[{"embeddable":true,"href":"https:\/\/geliurasa.lt\/index.php\/wp-json\/wp\/v2\/media\/44175"}],"wp:attachment":[{"href":"https:\/\/geliurasa.lt\/index.php\/wp-json\/wp\/v2\/media?parent=44174"}],"wp:term":[{"taxonomy":"product_brand","embeddable":true,"href":"https:\/\/geliurasa.lt\/index.php\/wp-json\/wp\/v2\/product_brand?post=44174"},{"taxonomy":"product_cat","embeddable":true,"href":"https:\/\/geliurasa.lt\/index.php\/wp-json\/wp\/v2\/product_cat?post=44174"},{"taxonomy":"product_tag","embeddable":true,"href":"https:\/\/geliurasa.lt\/index.php\/wp-json\/wp\/v2\/product_tag?post=44174"}],"curies":[{"name":"wp","href":"https:\/\/api.w.org\/{rel}","templated":true}]}}