{"id":44356,"date":"2026-02-18T16:06:30","date_gmt":"2026-02-18T14:06:30","guid":{"rendered":"https:\/\/geliurasa.lt\/?post_type=product&#038;p=44356"},"modified":"2026-03-21T12:00:53","modified_gmt":"2026-03-21T10:00:53","slug":"didysis-zioveinis-maryland-true-pink","status":"publish","type":"product","link":"https:\/\/geliurasa.lt\/index.php\/produktas\/didysis-zioveinis-maryland-true-pink\/","title":{"rendered":"Didysis \u017eioveinis Maryland True Pink"},"content":{"rendered":"<p><span class=\"jCAhz ChMk0b\"><span class=\"ryNqvb\">Maryland \u017eioveini\u0173 linija labiausiai tinka auginti \u0161altuoju metu, prasto ap\u0161vietimo ir \u017eemos temperat\u016bros s\u0105lygomis. Ideal\u016bs skynimui,<\/span><\/span><span class=\"jCAhz ChMk0b\"><span class=\"ryNqvb\"> i\u0161augina auk\u0161tus, itin stiprius stiebus ir ilgus \u017eiedynus, kuri\u0173 \u017eiedai yra geros kokyb\u0117s.<\/span><\/span> M\u016bs\u0173 klimato s\u0105lygomis galima ank\u0161\u010diau prad\u0117ti skinti tiek auginant lauke, tiek \u0161iltnamyje.<span class=\"jCAhz ChMk0b\"><span class=\"ryNqvb\">\u00a0<\/span><\/span><span class=\"jCAhz ChMk0b\"><span class=\"ryNqvb\">Arba auginti i\u0161tisus metus su papildomu didelio intensyvumo ap\u0161vietimu \u0161iltnamiuose.<\/span><\/span> Kad \u017eiedynai nei\u0161virst\u0173, b\u016btinas tinklas.<\/p>\n<p>S\u0117klos dygsta 6-8 dienas, s\u0117kl\u0173 u\u017epilti nereikia, bet plonas vermikulito sluoksnis, gal\u0117t\u0173 palaikyti dr\u0117gm\u0117s lyg\u012f. Daigams i\u0161augus iki 3\u20135 tikr\u0173j\u0173 lapeli\u0173, galima auginti 10\u201314 \u00b0C temperat\u016broje nakt\u012f, o dien\u0173 16 \u00b0C temperat\u016broje. Taip pat nuskinamos vir\u0161\u016bn\u0117l\u0117s, kad \u0161akot\u0173si.<\/p>\n<p>&nbsp;<\/p>\n","protected":false},"excerpt":{"rendered":"<div>Antirrhinum majus<\/div>\n<div><strong>Gamintojas:\u00a0<\/strong>Olandija<\/div>\n<div><strong>Grup\u0117:<\/strong> Vienmet\u0117<\/div>\n<div><strong>Kiekis pakelyje:<\/strong> 20 s\u0117kl\u0173<\/div>\n<div><strong>Auk\u0161tis cm:<\/strong> 100-150<\/div>\n<div><strong>S\u0117ti m\u0117n.: <\/strong>I-V<\/div>\n<div><strong>Vieta:<\/strong> saul\u0117ta, dalinis pav\u0117sis<\/div>\n<div><strong>Dirva:<\/strong> neutrali, derlinga<\/div>\n","protected":false},"featured_media":43914,"comment_status":"open","ping_status":"closed","template":"","meta":{"jetpack_publicize_message":"","jetpack_publicize_feature_enabled":true,"jetpack_social_post_already_shared":true,"jetpack_social_options":{"image_generator_settings":{"template":"highway","default_image_id":0,"font":"","enabled":false},"version":2}},"product_brand":[],"product_cat":[99,128,273,42],"product_tag":[274,52,51,206],"class_list":{"0":"post-44356","1":"product","2":"type-product","3":"status-publish","4":"has-post-thumbnail","6":"product_cat-naujos-prekes","7":"product_cat-vienmeciu-geliu-seklos","8":"product_cat-zioveiniai","9":"product_cat-seklos","10":"product_tag-antirrhinum","11":"product_tag-seeds","12":"product_tag-seklos","13":"product_tag-zioveinis","14":"product_shipping_class-seklos","16":"first","17":"instock","18":"shipping-taxable","19":"purchasable","20":"product-type-simple"},"jetpack_publicize_connections":[],"jetpack_sharing_enabled":true,"_links":{"self":[{"href":"https:\/\/geliurasa.lt\/index.php\/wp-json\/wp\/v2\/product\/44356","targetHints":{"allow":["GET"]}}],"collection":[{"href":"https:\/\/geliurasa.lt\/index.php\/wp-json\/wp\/v2\/product"}],"about":[{"href":"https:\/\/geliurasa.lt\/index.php\/wp-json\/wp\/v2\/types\/product"}],"replies":[{"embeddable":true,"href":"https:\/\/geliurasa.lt\/index.php\/wp-json\/wp\/v2\/comments?post=44356"}],"wp:featuredmedia":[{"embeddable":true,"href":"https:\/\/geliurasa.lt\/index.php\/wp-json\/wp\/v2\/media\/43914"}],"wp:attachment":[{"href":"https:\/\/geliurasa.lt\/index.php\/wp-json\/wp\/v2\/media?parent=44356"}],"wp:term":[{"taxonomy":"product_brand","embeddable":true,"href":"https:\/\/geliurasa.lt\/index.php\/wp-json\/wp\/v2\/product_brand?post=44356"},{"taxonomy":"product_cat","embeddable":true,"href":"https:\/\/geliurasa.lt\/index.php\/wp-json\/wp\/v2\/product_cat?post=44356"},{"taxonomy":"product_tag","embeddable":true,"href":"https:\/\/geliurasa.lt\/index.php\/wp-json\/wp\/v2\/product_tag?post=44356"}],"curies":[{"name":"wp","href":"https:\/\/api.w.org\/{rel}","templated":true}]}}