{"id":44757,"date":"2026-03-19T12:35:22","date_gmt":"2026-03-19T10:35:22","guid":{"rendered":"https:\/\/geliurasa.lt\/?post_type=product&#038;p=44757"},"modified":"2026-04-26T17:32:26","modified_gmt":"2026-04-26T14:32:26","slug":"darzeline-pelargonija-f1-quantum-mix","status":"publish","type":"product","link":"https:\/\/geliurasa.lt\/index.php\/produktas\/darzeline-pelargonija-f1-quantum-mix\/","title":{"rendered":"Dar\u017eelin\u0117 pelargonija F1 Quantum Mix"},"content":{"rendered":"<p><span dir=\"auto\">\u0160i unikali Quantum pelargonij\u0173 veisl\u0117 pasi\u017eymi i\u0161skirtiniu atsparumu kar\u0161\u010diui ir ilgu \u017eyd\u0117jimu. <\/span><span dir=\"auto\">Patrauklios \u017evaig\u017ed\u0117s formos \u017eiedai ma\u017eiau link\u0119 d\u017ei\u016bti, tod\u0117l daug ilgiau i\u0161laiko puik\u0173 spalv\u0173 vaizd\u0105. Gra\u017e\u016bs net dantyti\u00a0 j\u0173 lapai. Kai i\u0161leid\u017eia \u016bglius, nuskinamos vir\u0161\u016bn\u0117les, taip paskatinsite gaus\u0173 \u017eyd\u0117jim\u0105 . Nuskintus \u016bglius pasodinkite, u\u017edengus per\u0161vie\u010diam\u0105 ind\u0105, jie gretai i\u0161leis \u0161akneles, tur\u0117site nauj\u0173 augal\u0173. Lauke auga kaip vienmet\u0117, namie, kaip\u00a0 kambarin\u0117 g\u0117l\u0117. Auginant vazonuose lauke, \u017eiemai, juos nugen\u0117jus, galima parsine\u0161ti \u012f r\u016bs\u012f. Tada kitais metais at\u017eialia vis didesnis kr\u016bmelis, tuo pa\u010diu pavir\u0161iuje nauju pakei\u010diamas\u00a0 dirvo\u017eemis\u00a0 ir patr\u0119\u0161iama. Taip i\u0161saugoti galima dag met\u0173, tik ruden\u012f reikia susp\u0117ti parsine\u0161ti iki \u0161aln\u0173.<\/span><\/p>\n<p>S\u0117kl\u0173 apvalkalas kietas, tod\u0117l b\u016btina par\u0105 laiko mirkyti\u00a0 vandenyje. S\u0117ti pavir\u0161iuje ir lengvai u\u017eberti\u00a0 2\u20133 mm vermikulito. Laikyti +20\u201324 \u00b0C temperat\u016broje u\u017edengus skaidria plevele, vis pravedinti. B<span dir=\"auto\">\u016btina palaikyti pastoviai dr\u0117gn\u0105 ir \u0161ilt\u0105 dirvo\u017eemio temperat\u016br\u0105. Jei prad\u0117jusi\u00a0 dygti gle\u017ena jauna \u0161aknel\u0117 lie\u010diasi su sausu kompostu, ji grei\u010diausiai nei\u0161gyvens. Tinkamoje temperat\u016broje s\u0117klos sudygs per 3\u201321 dien\u0105. \u00a0<\/span>Kol nesudyg\u0119 s\u0117klos, \u0161viesos reikia ma\u017eiau, bet po sudygimo b\u016btina labai \u0161viesi vieta arba papildomas ap\u0161vietimas.<\/p>\n<p>&nbsp;<\/p>\n","protected":false},"excerpt":{"rendered":"<div><em>Pelargonium hortorum<\/em><\/div>\n<div><strong>Gamintojas:\u00a0<\/strong>Olandija<\/div>\n<div><strong>Grup\u0117:<\/strong> daugiamet\u0117, vienmet\u0117<\/div>\n<div><strong>Kiekis pakelyje:<\/strong> 3 s\u0117klos<\/div>\n<div><strong>Auk\u0161tis cm<\/strong>: 30-40<\/div>\n<div><strong>S\u0117ti m\u0117n.:<\/strong> I-V<\/div>\n<div><strong>Vieta:<\/strong> saul\u0117ta<\/div>\n<div><strong>Dirva:<\/strong> derlinga<\/div>\n","protected":false},"featured_media":44767,"comment_status":"open","ping_status":"closed","template":"","meta":{"jetpack_publicize_message":"","jetpack_publicize_feature_enabled":true,"jetpack_social_post_already_shared":true,"jetpack_social_options":{"image_generator_settings":{"template":"highway","default_image_id":0,"font":"","enabled":false},"version":2}},"product_brand":[],"product_cat":[126,353,99,42,128],"product_tag":[52,51],"class_list":{"0":"post-44757","1":"product","2":"type-product","3":"status-publish","4":"has-post-thumbnail","6":"product_cat-daugiameciu-geliu-seklos","7":"product_cat-ivairios","8":"product_cat-naujos-prekes","9":"product_cat-seklos","10":"product_cat-vienmeciu-geliu-seklos","11":"product_tag-seeds","12":"product_tag-seklos","13":"product_shipping_class-seklos","15":"first","16":"instock","17":"shipping-taxable","18":"purchasable","19":"product-type-simple"},"jetpack_publicize_connections":[],"jetpack_sharing_enabled":true,"_links":{"self":[{"href":"https:\/\/geliurasa.lt\/index.php\/wp-json\/wp\/v2\/product\/44757","targetHints":{"allow":["GET"]}}],"collection":[{"href":"https:\/\/geliurasa.lt\/index.php\/wp-json\/wp\/v2\/product"}],"about":[{"href":"https:\/\/geliurasa.lt\/index.php\/wp-json\/wp\/v2\/types\/product"}],"replies":[{"embeddable":true,"href":"https:\/\/geliurasa.lt\/index.php\/wp-json\/wp\/v2\/comments?post=44757"}],"wp:featuredmedia":[{"embeddable":true,"href":"https:\/\/geliurasa.lt\/index.php\/wp-json\/wp\/v2\/media\/44767"}],"wp:attachment":[{"href":"https:\/\/geliurasa.lt\/index.php\/wp-json\/wp\/v2\/media?parent=44757"}],"wp:term":[{"taxonomy":"product_brand","embeddable":true,"href":"https:\/\/geliurasa.lt\/index.php\/wp-json\/wp\/v2\/product_brand?post=44757"},{"taxonomy":"product_cat","embeddable":true,"href":"https:\/\/geliurasa.lt\/index.php\/wp-json\/wp\/v2\/product_cat?post=44757"},{"taxonomy":"product_tag","embeddable":true,"href":"https:\/\/geliurasa.lt\/index.php\/wp-json\/wp\/v2\/product_tag?post=44757"}],"curies":[{"name":"wp","href":"https:\/\/api.w.org\/{rel}","templated":true}]}}