{"id":44815,"date":"2026-03-23T23:23:23","date_gmt":"2026-03-23T21:23:23","guid":{"rendered":"https:\/\/geliurasa.lt\/?post_type=product&#038;p=44815"},"modified":"2026-04-02T10:15:27","modified_gmt":"2026-04-02T07:15:27","slug":"pilkoji-leukonija-mathilda-white","status":"publish","type":"product","link":"https:\/\/geliurasa.lt\/index.php\/produktas\/pilkoji-leukonija-mathilda-white\/","title":{"rendered":"Pilkoji leukonija Mathilda White"},"content":{"rendered":"<div dir=\"ltr\"><span dir=\"auto\">Mathilda- ve\u0161l\u016bs, gausiai \u017eydintys, kvapn\u016bs augalai gali atlaikyti iki -6 \u00b0C lauko temperat\u016br\u0105. Ma\u017edaug 50 % augal\u0173 \u017eydi pilnaviduriais \u017eiedais. Veisl\u0117 u<\/span><span dir=\"auto\">\u017etikrina greitesn\u012f derliaus nu\u0117mimo laik\u0105, vienod\u0105 stiebo ilg\u012f ir \u017eied\u0173 \u017eyd\u0117jimo laik\u0105, geriau toleruoja kar\u0161\u010dius nei tradiciniai leukonij\u0173 tipai. <\/span><span dir=\"auto\">Galima auginti anks\u010diau ir v\u0117liau sezono metu. Iki \u017eied\u0173 brandumo praeina 13 savai\u010di\u0173.<\/span><\/div>\n<div dir=\"ltr\">\n<p>&nbsp;<\/p>\n<\/div>\n","protected":false},"excerpt":{"rendered":"<div>Matthiola incana<\/div>\n<div><strong>Gamintojas:\u00a0<\/strong>Olandija<\/div>\n<div><strong>Grup\u0117:<\/strong> vienmet\u0117<\/div>\n<div><strong>Kiekis pakelyje:<\/strong> 25 s\u0117klos<\/div>\n<div><strong>Auk\u0161tis cm:<\/strong> 80<\/div>\n<div><strong>S\u0117ti m\u0117n.:<\/strong> III-IV<\/div>\n<div><strong>Vieta:<\/strong> saul\u0117ta- pusiau pav\u0117sis<\/div>\n<div><strong>Dirva: <\/strong>neutrali<\/div>\n","protected":false},"featured_media":44834,"comment_status":"open","ping_status":"closed","template":"","meta":{"jetpack_publicize_message":"","jetpack_publicize_feature_enabled":true,"jetpack_social_post_already_shared":true,"jetpack_social_options":{"image_generator_settings":{"template":"highway","default_image_id":0,"font":"","enabled":false},"version":2}},"product_brand":[],"product_cat":[345,99,128,42],"product_tag":[239,238,51,317],"class_list":{"0":"post-44815","1":"product","2":"type-product","3":"status-publish","4":"has-post-thumbnail","6":"product_cat-leukonijos","7":"product_cat-naujos-prekes","8":"product_cat-vienmeciu-geliu-seklos","9":"product_cat-seklos","10":"product_tag-leukonija","11":"product_tag-matthiola","12":"product_tag-seklos","13":"product_tag-skynimas","14":"product_shipping_class-seklos","16":"first","17":"instock","18":"shipping-taxable","19":"purchasable","20":"product-type-simple"},"jetpack_publicize_connections":[],"jetpack_sharing_enabled":true,"_links":{"self":[{"href":"https:\/\/geliurasa.lt\/index.php\/wp-json\/wp\/v2\/product\/44815","targetHints":{"allow":["GET"]}}],"collection":[{"href":"https:\/\/geliurasa.lt\/index.php\/wp-json\/wp\/v2\/product"}],"about":[{"href":"https:\/\/geliurasa.lt\/index.php\/wp-json\/wp\/v2\/types\/product"}],"replies":[{"embeddable":true,"href":"https:\/\/geliurasa.lt\/index.php\/wp-json\/wp\/v2\/comments?post=44815"}],"wp:featuredmedia":[{"embeddable":true,"href":"https:\/\/geliurasa.lt\/index.php\/wp-json\/wp\/v2\/media\/44834"}],"wp:attachment":[{"href":"https:\/\/geliurasa.lt\/index.php\/wp-json\/wp\/v2\/media?parent=44815"}],"wp:term":[{"taxonomy":"product_brand","embeddable":true,"href":"https:\/\/geliurasa.lt\/index.php\/wp-json\/wp\/v2\/product_brand?post=44815"},{"taxonomy":"product_cat","embeddable":true,"href":"https:\/\/geliurasa.lt\/index.php\/wp-json\/wp\/v2\/product_cat?post=44815"},{"taxonomy":"product_tag","embeddable":true,"href":"https:\/\/geliurasa.lt\/index.php\/wp-json\/wp\/v2\/product_tag?post=44815"}],"curies":[{"name":"wp","href":"https:\/\/api.w.org\/{rel}","templated":true}]}}