{"id":44848,"date":"2026-03-25T01:43:35","date_gmt":"2026-03-24T23:43:35","guid":{"rendered":"https:\/\/geliurasa.lt\/?post_type=product&#038;p=44848"},"modified":"2026-03-25T02:03:46","modified_gmt":"2026-03-25T00:03:46","slug":"didzioji-nasturte-whirlybird-rose","status":"publish","type":"product","link":"https:\/\/geliurasa.lt\/index.php\/produktas\/didzioji-nasturte-whirlybird-rose\/","title":{"rendered":"Did\u017eioji nasturt\u0117 Whirlybird Rose"},"content":{"rendered":"<p>Propelerio formos, pusiau pilni raudoni su ro\u017einiu atspalviu \u017eiedai. Augalai neauk\u0161ti, u\u017eauga tank\u016bs kupsteliai, kurie gausiai, nesustodami \u017eydi iki \u0161aln\u0173.<\/p>\n<div id=\"mainitemprice\" class=\"d-flex align-items-center justify-content-center pt-3\">S\u0117jama kovo\u2013gegu\u017e\u0117s m\u0117n.,\u00a0 2 cm gylyje.\u00a0 Dygimui reikalinga tamsa, dygsta ma\u017edaug prie 15\u00b0C . Daigai pasirodo per 10-14 dien\u0173.<\/div>\n<p>&nbsp;<\/p>\n<p>&nbsp;<\/p>\n<p>&nbsp;<\/p>\n","protected":false},"excerpt":{"rendered":"<div>Tropaeolum minus<\/div>\n<div><strong>Gamintojas:\u00a0<\/strong>Olandija<\/div>\n<div><strong>Grup\u0117:<\/strong>\u00a0 vienmet\u0117<\/div>\n<div><strong>Kiekis pakelyje:<\/strong> 2g<\/div>\n<div><strong>Auk\u0161tis cm:<\/strong> 30<\/div>\n<div><strong>S\u0117ti m\u0117n.:<\/strong> III-IV<\/div>\n<div><strong>Vieta:<\/strong> saul\u0117ta<\/div>\n<div><strong>Dirva: <\/strong>\u00a0neutrali<\/div>\n","protected":false},"featured_media":44849,"comment_status":"open","ping_status":"closed","template":"","meta":{"jetpack_publicize_message":"","jetpack_publicize_feature_enabled":true,"jetpack_social_post_already_shared":true,"jetpack_social_options":{"image_generator_settings":{"template":"highway","default_image_id":0,"font":"","enabled":false},"version":2}},"product_brand":[],"product_cat":[330,99,128,42],"product_tag":[331,52,51],"class_list":{"0":"post-44848","1":"product","2":"type-product","3":"status-publish","4":"has-post-thumbnail","6":"product_cat-nasturte","7":"product_cat-naujos-prekes","8":"product_cat-vienmeciu-geliu-seklos","9":"product_cat-seklos","10":"product_tag-nasturte","11":"product_tag-seeds","12":"product_tag-seklos","13":"product_shipping_class-seklos","15":"first","16":"instock","17":"shipping-taxable","18":"purchasable","19":"product-type-simple"},"jetpack_publicize_connections":[],"jetpack_sharing_enabled":true,"_links":{"self":[{"href":"https:\/\/geliurasa.lt\/index.php\/wp-json\/wp\/v2\/product\/44848","targetHints":{"allow":["GET"]}}],"collection":[{"href":"https:\/\/geliurasa.lt\/index.php\/wp-json\/wp\/v2\/product"}],"about":[{"href":"https:\/\/geliurasa.lt\/index.php\/wp-json\/wp\/v2\/types\/product"}],"replies":[{"embeddable":true,"href":"https:\/\/geliurasa.lt\/index.php\/wp-json\/wp\/v2\/comments?post=44848"}],"wp:featuredmedia":[{"embeddable":true,"href":"https:\/\/geliurasa.lt\/index.php\/wp-json\/wp\/v2\/media\/44849"}],"wp:attachment":[{"href":"https:\/\/geliurasa.lt\/index.php\/wp-json\/wp\/v2\/media?parent=44848"}],"wp:term":[{"taxonomy":"product_brand","embeddable":true,"href":"https:\/\/geliurasa.lt\/index.php\/wp-json\/wp\/v2\/product_brand?post=44848"},{"taxonomy":"product_cat","embeddable":true,"href":"https:\/\/geliurasa.lt\/index.php\/wp-json\/wp\/v2\/product_cat?post=44848"},{"taxonomy":"product_tag","embeddable":true,"href":"https:\/\/geliurasa.lt\/index.php\/wp-json\/wp\/v2\/product_tag?post=44848"}],"curies":[{"name":"wp","href":"https:\/\/api.w.org\/{rel}","templated":true}]}}