{"id":44905,"date":"2026-03-31T21:48:59","date_gmt":"2026-03-31T18:48:59","guid":{"rendered":"https:\/\/geliurasa.lt\/?post_type=product&#038;p=44905"},"modified":"2026-03-31T22:03:37","modified_gmt":"2026-03-31T19:03:37","slug":"meksikinis-zydrunis-red-cutting","status":"publish","type":"product","link":"https:\/\/geliurasa.lt\/index.php\/produktas\/meksikinis-zydrunis-red-cutting\/","title":{"rendered":"Meksikinis \u017eydr\u016bnis Red Cutting"},"content":{"rendered":"<p>\u0160ie tamsiai ro\u017einiai \u017eydr\u016bniai\u00a0 auga kr\u016bmeliais, nors ir auk\u0161ti, nei\u0161virsta. Tinka skynimui. Daigai \u012f lauk\u0105 i\u0161sodinami pra\u0117jus \u0161aln\u0173 pavojui, 15-25 cm atstumais. \u017dydi iki rudens \u0161aln\u0173.<\/p>\n<p>&nbsp;<\/p>\n<p>&nbsp;<\/p>\n","protected":false},"excerpt":{"rendered":"<h5><em>Ageratum houstonianum<\/em><\/h5>\n<h5><strong>Gamintojas: <\/strong>Olandija<\/h5>\n<h5><strong>Grup\u0117: <\/strong>vienmet\u0117<\/h5>\n<h5><strong>Kiekis pakelyje:\u00a0<\/strong>0,2 g<\/h5>\n<h5><strong>Auk\u0161tis cm: <\/strong>70<\/h5>\n<h5><strong>S\u0117ti m\u0117n.: <\/strong>II \u2013 IV<\/h5>\n<h5><strong>Sodinimo vieta: <\/strong>saul\u0117ta, pusiau pav\u0117sis<\/h5>\n<h5><strong>Dirva:<\/strong> derlinga, neu\u017emirkusi<\/h5>\n","protected":false},"featured_media":44906,"comment_status":"open","ping_status":"closed","template":"","meta":{"jetpack_publicize_message":"","jetpack_publicize_feature_enabled":true,"jetpack_social_post_already_shared":true,"jetpack_social_options":{"image_generator_settings":{"template":"highway","default_image_id":0,"font":"","enabled":false},"version":2}},"product_brand":[],"product_cat":[353,99,128,42],"product_tag":[52,51],"class_list":{"0":"post-44905","1":"product","2":"type-product","3":"status-publish","4":"has-post-thumbnail","6":"product_cat-ivairios","7":"product_cat-naujos-prekes","8":"product_cat-vienmeciu-geliu-seklos","9":"product_cat-seklos","10":"product_tag-seeds","11":"product_tag-seklos","12":"product_shipping_class-seklos","14":"first","15":"instock","16":"shipping-taxable","17":"purchasable","18":"product-type-simple"},"jetpack_publicize_connections":[],"jetpack_sharing_enabled":true,"_links":{"self":[{"href":"https:\/\/geliurasa.lt\/index.php\/wp-json\/wp\/v2\/product\/44905","targetHints":{"allow":["GET"]}}],"collection":[{"href":"https:\/\/geliurasa.lt\/index.php\/wp-json\/wp\/v2\/product"}],"about":[{"href":"https:\/\/geliurasa.lt\/index.php\/wp-json\/wp\/v2\/types\/product"}],"replies":[{"embeddable":true,"href":"https:\/\/geliurasa.lt\/index.php\/wp-json\/wp\/v2\/comments?post=44905"}],"wp:featuredmedia":[{"embeddable":true,"href":"https:\/\/geliurasa.lt\/index.php\/wp-json\/wp\/v2\/media\/44906"}],"wp:attachment":[{"href":"https:\/\/geliurasa.lt\/index.php\/wp-json\/wp\/v2\/media?parent=44905"}],"wp:term":[{"taxonomy":"product_brand","embeddable":true,"href":"https:\/\/geliurasa.lt\/index.php\/wp-json\/wp\/v2\/product_brand?post=44905"},{"taxonomy":"product_cat","embeddable":true,"href":"https:\/\/geliurasa.lt\/index.php\/wp-json\/wp\/v2\/product_cat?post=44905"},{"taxonomy":"product_tag","embeddable":true,"href":"https:\/\/geliurasa.lt\/index.php\/wp-json\/wp\/v2\/product_tag?post=44905"}],"curies":[{"name":"wp","href":"https:\/\/api.w.org\/{rel}","templated":true}]}}